{"id":163666,"date":"2026-08-27T05:00:00","date_gmt":"2026-08-27T08:00:00","guid":{"rendered":"https:\/\/grandepremio.com\/br\/?post_type=42wp_gallery&#038;p=163666"},"modified":"2026-08-26T19:19:44","modified_gmt":"2026-08-26T22:19:44","slug":"programacao-indy-milwaukee-horarios-16a-17a-etapas-temporada-2026","status":"publish","type":"42wp_gallery","link":"https:\/\/grandepremio.com\/br\/galerias\/indy\/programacao-indy-milwaukee-horarios-16a-17a-etapas-temporada-2026\/","title":{"rendered":"A programa\u00e7\u00e3o da Indy em Milwaukee: os hor\u00e1rios das 16\u00aa e 17\u00aa etapas da temporada 2026"},"content":{"rendered":"","protected":false},"excerpt":{"rendered":"<p>Confira os hor\u00e1rios e onde assistir \u00e0s atividades da rodada dupla de Milwaukee da Indy, que ser\u00e1 disputada no circuito oval de 1 milha (1,609 km)<\/p>\n","protected":false},"author":21,"featured_media":1020312778,"template":"","meta":{"42wp_featured_image_caption":"Caio Collet","42wp_featured_image_credits":"Foyt","42wp_featured_video":"","42wp_featured_image_hidden":false,"42wp_authors_list":[{"id":47163,"location":"do Rio de Janeiro"}],"42wp_galeria_metabox":[{"img":1020312817,"legenda":"A Indy desembarca em Milwaukee neste fim de semana para a 16\u00aa e 17\u00aa corridas do campeonato. Confira a programa\u00e7\u00e3o completa do evento","credito":"IndyCar"},{"img":1020312813,"legenda":"Por ser uma rodada dupla, a programa\u00e7\u00e3o da Indy \u00e9 diferente da tradicional. A sexta-feira (28) conta com somente uma atividade, o \u00fanico treino livre, que ser\u00e1 disputado \u00e0s 19h (de Bras\u00edlia, GMT -3), com transmiss\u00e3o da Disney +.","credito":"IndyCar"},{"img":1020312768,"legenda":"No s\u00e1bado (29), a classifica\u00e7\u00e3o para ambas as provas come\u00e7a \u00e0s 12h, novamente com exibi\u00e7\u00e3o da Disney +. Mais tarde, \u00e0s 15h30, a bandeira verde ser\u00e1 agitada para a corrida 1, que ter\u00e1 transmiss\u00e3o da Band na TV aberta, ESPN na TV fechada e Disney+ no streaming.","credito":"IndyCar"},{"img":1020312671,"legenda":"No domingo (30), as atividades come\u00e7am com o warm-up \u00e0s 11h15 \u2014 Disney + exibe ao vivo \u2014, enquanto a largada da corrida 2 est\u00e1 programada para 14h. Disney + transmite no streaming, ESPN pela TV fechada e Band pela TV aberta.","credito":"IndyCar"}],"42wp_gallery_images":[]},"categories":[3],"tags":[23410,40699],"42wp_author":[47163],"class_list":["post-163666","42wp_gallery","type-42wp_gallery","status-publish","has-post-thumbnail","hentry","category-indy","tag-gp-de-milwaukee","tag-rodada-dupla-de-milwaukee","42wp_author-caio-cavalcante"],"_links":{"self":[{"href":"https:\/\/grandepremio.com\/br\/wp-json\/wp\/v2\/42wp_gallery\/163666","targetHints":{"allow":["GET"]}}],"collection":[{"href":"https:\/\/grandepremio.com\/br\/wp-json\/wp\/v2\/42wp_gallery"}],"about":[{"href":"https:\/\/grandepremio.com\/br\/wp-json\/wp\/v2\/types\/42wp_gallery"}],"author":[{"embeddable":true,"href":"https:\/\/grandepremio.com\/br\/wp-json\/wp\/v2\/users\/21"}],"wp:featuredmedia":[{"embeddable":true,"href":"https:\/\/grandepremio.com\/br\/wp-json\/wp\/v2\/media\/1020312778"}],"wp:attachment":[{"href":"https:\/\/grandepremio.com\/br\/wp-json\/wp\/v2\/media?parent=163666"}],"wp:term":[{"taxonomy":"category","embeddable":true,"href":"https:\/\/grandepremio.com\/br\/wp-json\/wp\/v2\/categories?post=163666"},{"taxonomy":"post_tag","embeddable":true,"href":"https:\/\/grandepremio.com\/br\/wp-json\/wp\/v2\/tags?post=163666"},{"taxonomy":"42wp_author","embeddable":true,"href":"https:\/\/grandepremio.com\/br\/wp-json\/wp\/v2\/42wp_author?post=163666"}],"curies":[{"name":"wp","href":"https:\/\/api.w.org\/{rel}","templated":true}]}}

A programação da Indy em Milwaukee: os horários das 16ª e 17ª etapas da temporada 2026

<p>Confira os horários e onde assistir às atividades da rodada dupla de Milwaukee da Indy, que será disputada no circuito oval de 1 milha (1,609 km)</p>

A Indy desembarca em Milwaukee neste fim de semana para a 16ª e 17ª corridas do campeonato. Confira a programação completa do evento

Por ser uma rodada dupla, a programação da Indy é diferente da tradicional. A sexta-feira (28) conta com somente uma atividade, o único treino livre, que será disputado às 19h (de Brasília, GMT -3), com transmissão da Disney +.

No sábado (29), a classificação para ambas as provas começa às 12h, novamente com exibição da Disney +. Mais tarde, às 15h30, a bandeira verde será agitada para a corrida 1, que terá transmissão da Band na TV aberta, ESPN na TV fechada e Disney+ no streaming.

No domingo (30), as atividades começam com o warm-up às 11h15 — Disney + exibe ao vivo —, enquanto a largada da corrida 2 está programada para 14h. Disney + transmite no streaming, ESPN pela TV fechada e Band pela TV aberta.
