{"id":165361,"date":"2026-09-03T10:22:59","date_gmt":"2026-09-03T13:22:59","guid":{"rendered":"https:\/\/grandepremio.com\/br\/?post_type=42wp_gallery&#038;p=165361"},"modified":"2026-09-03T10:22:59","modified_gmt":"2026-09-03T13:22:59","slug":"programacao-formula-1-monza-horarios-gp-da-italia","status":"publish","type":"42wp_gallery","link":"https:\/\/grandepremio.com\/br\/galerias\/f1\/programacao-formula-1-monza-horarios-gp-da-italia\/","title":{"rendered":"A programa\u00e7\u00e3o da F\u00f3rmula 1 em Monza: hor\u00e1rios do GP da It\u00e1lia"},"content":{"rendered":"","protected":false},"excerpt":{"rendered":"<p>A F\u00f3rmula 1 desembarca em Monza neste fim de semana para realizar o GP da It\u00e1lia. Fique por dentro da programa\u00e7\u00e3o e saiba como assistir \u00e0s atividades de pista<\/p>\n","protected":false},"author":17,"featured_media":1020312743,"template":"","meta":{"42wp_featured_image_caption":"A F1 disputa o GP da It\u00e1lia neste fim de semana","42wp_featured_image_credits":"McLaren","42wp_featured_video":"","42wp_featured_image_hidden":false,"42wp_authors_list":[{"id":47149,"location":"de Belo Horizonte"}],"42wp_galeria_metabox":[{"img":1020312538,"legenda":"A F\u00f3rmula 1 entrou em um curto hiato ap\u00f3s o GP dos Pa\u00edses Baixos, mas est\u00e1 pronta para retomar as atividades com o GP da It\u00e1lia.","credito":"Reprodu\u00e7\u00e3o\/F1"},{"img":1020312411,"legenda":"Diferente do que aconteceu em Zandvoort, que contou com a corrida sprint, o fim de semana em Monza ser\u00e1 disputado no formato tradicional.","credito":"Reprodu\u00e7\u00e3o"},{"img":1020312798,"legenda":"Portanto, o primeiro treino livre ser\u00e1 realizado na sexta-feira (4), \u00e0s 7h30 (de Bras\u00edlia, GMT-3). Mais tarde, os carros voltam \u00e0 pista para o TL2, \u00e0s 11h.","credito":"Reprodu\u00e7\u00e3o\/F1"},{"img":1020312721,"legenda":"No s\u00e1bado (5), a a\u00e7\u00e3o ser\u00e1 retomada com o TL3, novamente \u00e0s 7h30. A defini\u00e7\u00e3o do grid de largada ocorre \u00e0s 11h, com a sess\u00e3o de classifica\u00e7\u00e3o.","credito":"Mercedes"},{"img":1020312753,"legenda":"Por fim, a largada da corrida est\u00e1 marcada para \u00e0s 10h do domingo (6).","credito":"Reprodu\u00e7\u00e3o\/F1"},{"img":1020312751,"legenda":"No Brasil, os treinos livres, a classifica\u00e7\u00e3o e a corrida podem ser acompanhados pelo canal fechado Sportv e pela F1 TV, streaming oficial da categoria. A corrida, no entanto, tamb\u00e9m ser\u00e1 transmitida pela Globo na TV aberta.","credito":"McLaren"},{"img":1020312645,"legenda":"O GRANDE PR\u00caMIO acompanha todas as atividades do GP da It\u00e1lia, 13\u00aa etapa da temporada 2026, AO VIVO E EM TEMPO REAL, al\u00e9m de classifica\u00e7\u00e3o e corrida em SEGUNDA TELA no YouTube, em parceria com a Voz do Esporte. O Briefing chega para analisar ap\u00f3s o fim de cada dia de atividades nas redes sociais e na GPTV. ","credito":"Red Bull Content Pool"}],"42wp_gallery_images":[]},"categories":[2],"tags":[24898,1737],"42wp_author":[47149],"class_list":["post-165361","42wp_gallery","type-42wp_gallery","status-publish","has-post-thumbnail","hentry","category-f1","tag-gp-da-italia","tag-monza","42wp_author-bernardo-castro"],"_links":{"self":[{"href":"https:\/\/grandepremio.com\/br\/wp-json\/wp\/v2\/42wp_gallery\/165361","targetHints":{"allow":["GET"]}}],"collection":[{"href":"https:\/\/grandepremio.com\/br\/wp-json\/wp\/v2\/42wp_gallery"}],"about":[{"href":"https:\/\/grandepremio.com\/br\/wp-json\/wp\/v2\/types\/42wp_gallery"}],"author":[{"embeddable":true,"href":"https:\/\/grandepremio.com\/br\/wp-json\/wp\/v2\/users\/17"}],"wp:featuredmedia":[{"embeddable":true,"href":"https:\/\/grandepremio.com\/br\/wp-json\/wp\/v2\/media\/1020312743"}],"wp:attachment":[{"href":"https:\/\/grandepremio.com\/br\/wp-json\/wp\/v2\/media?parent=165361"}],"wp:term":[{"taxonomy":"category","embeddable":true,"href":"https:\/\/grandepremio.com\/br\/wp-json\/wp\/v2\/categories?post=165361"},{"taxonomy":"post_tag","embeddable":true,"href":"https:\/\/grandepremio.com\/br\/wp-json\/wp\/v2\/tags?post=165361"},{"taxonomy":"42wp_author","embeddable":true,"href":"https:\/\/grandepremio.com\/br\/wp-json\/wp\/v2\/42wp_author?post=165361"}],"curies":[{"name":"wp","href":"https:\/\/api.w.org\/{rel}","templated":true}]}}

A programação da Fórmula 1 em Monza: horários do GP da Itália

<p>A Fórmula 1 desembarca em Monza neste fim de semana para realizar o GP da Itália. Fique por dentro da programação e saiba como assistir às atividades de pista</p>

A F1 disputa o GP da Itália neste fim de semana

A Fórmula 1 entrou em um curto hiato após o GP dos Países Baixos, mas está pronta para retomar as atividades com o GP da Itália.

Reprodução/F1

Diferente do que aconteceu em Zandvoort, que contou com a corrida sprint, o fim de semana em Monza será disputado no formato tradicional.

Reprodução

Portanto, o primeiro treino livre será realizado na sexta-feira (4), às 7h30 (de Brasília, GMT-3). Mais tarde, os carros voltam à pista para o TL2, às 11h.

No sábado (5), a ação será retomada com o TL3, novamente às 7h30. A definição do grid de largada ocorre às 11h, com a sessão de classificação.

Por fim, a largada da corrida está marcada para às 10h do domingo (6).

No Brasil, os treinos livres, a classificação e a corrida podem ser acompanhados pelo canal fechado Sportv e pela F1 TV, streaming oficial da categoria. A corrida, no entanto, também será transmitida pela Globo na TV aberta.

O GRANDE PRÊMIO acompanha todas as atividades do GP da Itália, 13ª etapa da temporada 2026, AO VIVO E EM TEMPO REAL, além de classificação e corrida em SEGUNDA TELA no YouTube, em parceria com a Voz do Esporte. O Briefing chega para analisar após o fim de cada dia de atividades nas redes sociais e na GPTV.
