{"id":165382,"date":"2026-09-03T10:55:43","date_gmt":"2026-09-03T13:55:43","guid":{"rendered":"https:\/\/grandepremio.com\/br\/?post_type=42wp_gallery&#038;p=165382"},"modified":"2026-09-03T10:55:44","modified_gmt":"2026-09-03T13:55:44","slug":"programacao-f3-monza-horarios-8a-etapa-temporada-2026","status":"publish","type":"42wp_gallery","link":"https:\/\/grandepremio.com\/br\/galerias\/f3\/programacao-f3-monza-horarios-8a-etapa-temporada-2026\/","title":{"rendered":"A programa\u00e7\u00e3o da F3 em Monza: os hor\u00e1rios da 8\u00aa etapa da temporada 2026"},"content":{"rendered":"","protected":false},"excerpt":{"rendered":"<p>A F\u00f3rmula 3 retoma a temporada 2026 com a etapa de Monza, na It\u00e1lia. Fique por dentro da programa\u00e7\u00e3o e saiba como assistir \u00e0s atividades<\/p>\n","protected":false},"author":17,"featured_media":1020310316,"template":"","meta":{"42wp_featured_image_caption":"Pedro Clerot B\u00e9lgica 2026 (Dutch Photo Agency RF1)","42wp_featured_image_credits":"Dutch Photo Agency\/RF1","42wp_featured_video":"","42wp_featured_image_hidden":false,"42wp_authors_list":[{"id":47149,"location":"de Belo Horizonte"}],"42wp_galeria_metabox":[{"img":1020309982,"legenda":"Depois do longo hiato de corridas ap\u00f3s a etapa na Hungria, a F\u00f3rmula 3 est\u00e1 prestes a retomar a temporada 2026 com o fim de semana na It\u00e1lia.","credito":"F3"},{"img":1020311842,"legenda":"A programa\u00e7\u00e3o da F3 em Monza tem in\u00edcio na sexta-feira (4), com o treino livre \u00e0s 3h35 (de Bras\u00edlia, GMT-3).","credito":"F3"},{"img":1020312897,"legenda":"Mais tarde, os pilotos retornam \u00e0 pista para a classifica\u00e7\u00e3o, que define o grid de largada da corrida 2, \u00e0s 9h.","credito":"F3"},{"img":1020312914,"legenda":"No s\u00e1bado (5), a \u00fanica atividade \u00e9 a corrida sprint, que tem in\u00edcio \u00e0s 4h30. No domingo (6), a corrida 2 tem largada \u00e0s 3h15.","credito":"F3"},{"img":1020310518,"legenda":"No Brasil, todas as sess\u00f5es podem ser acompanhadas pela F1 TV, streaming oficial da categoria. O GRANDE PR\u00caMIO tamb\u00e9m faz a cobertura completa do fim de semana.","credito":"F3"}],"42wp_gallery_images":[]},"categories":[10],"tags":[37110,1737,31546],"42wp_author":[47149],"class_list":["post-165382","42wp_gallery","type-42wp_gallery","status-publish","has-post-thumbnail","hentry","category-f3","tag-freddie-slater","tag-monza","tag-pedro-clerot","42wp_author-bernardo-castro"],"_links":{"self":[{"href":"https:\/\/grandepremio.com\/br\/wp-json\/wp\/v2\/42wp_gallery\/165382","targetHints":{"allow":["GET"]}}],"collection":[{"href":"https:\/\/grandepremio.com\/br\/wp-json\/wp\/v2\/42wp_gallery"}],"about":[{"href":"https:\/\/grandepremio.com\/br\/wp-json\/wp\/v2\/types\/42wp_gallery"}],"author":[{"embeddable":true,"href":"https:\/\/grandepremio.com\/br\/wp-json\/wp\/v2\/users\/17"}],"wp:featuredmedia":[{"embeddable":true,"href":"https:\/\/grandepremio.com\/br\/wp-json\/wp\/v2\/media\/1020310316"}],"wp:attachment":[{"href":"https:\/\/grandepremio.com\/br\/wp-json\/wp\/v2\/media?parent=165382"}],"wp:term":[{"taxonomy":"category","embeddable":true,"href":"https:\/\/grandepremio.com\/br\/wp-json\/wp\/v2\/categories?post=165382"},{"taxonomy":"post_tag","embeddable":true,"href":"https:\/\/grandepremio.com\/br\/wp-json\/wp\/v2\/tags?post=165382"},{"taxonomy":"42wp_author","embeddable":true,"href":"https:\/\/grandepremio.com\/br\/wp-json\/wp\/v2\/42wp_author?post=165382"}],"curies":[{"name":"wp","href":"https:\/\/api.w.org\/{rel}","templated":true}]}}

A programação da F3 em Monza: os horários da 8ª etapa da temporada 2026

<p>A Fórmula 3 retoma a temporada 2026 com a etapa de Monza, na Itália. Fique por dentro da programação e saiba como assistir às atividades</p>

Pedro Clerot Bélgica 2026 (Dutch Photo Agency RF1)

Depois do longo hiato de corridas após a etapa na Hungria, a Fórmula 3 está prestes a retomar a temporada 2026 com o fim de semana na Itália.

A programação da F3 em Monza tem início na sexta-feira (4), com o treino livre às 3h35 (de Brasília, GMT-3).

Mais tarde, os pilotos retornam à pista para a classificação, que define o grid de largada da corrida 2, às 9h.

No sábado (5), a única atividade é a corrida sprint, que tem início às 4h30. No domingo (6), a corrida 2 tem largada às 3h15.

No Brasil, todas as sessões podem ser acompanhadas pela F1 TV, streaming oficial da categoria. O GRANDE PRÊMIO também faz a cobertura completa do fim de semana.
