{"id":5802,"date":"2026-06-08T19:05:30","date_gmt":"2026-06-08T22:05:30","guid":{"rendered":"https:\/\/grandepremio.com\/br\/galerias\/programacao-wec-la-sarthe-horarios-24-horas-le-mans\/"},"modified":"2026-06-08T19:09:27","modified_gmt":"2026-06-08T22:09:27","slug":"programacao-wec-la-sarthe-horarios-24-horas-le-mans","status":"publish","type":"42wp_gallery","link":"https:\/\/grandepremio.com\/br\/galerias\/wec\/programacao-wec-la-sarthe-horarios-24-horas-le-mans\/","title":{"rendered":"A programa\u00e7\u00e3o do WEC em La Sarthe: os hor\u00e1rios das 24 Horas de Le Mans"},"content":{"rendered":"","protected":false},"excerpt":{"rendered":"<p>O Mundial de Endurance (WEC) chega \u00e0 Fran\u00e7a para a disputa da principal corrida do campeonato: as 24 Horas de Le Mans. Confira hor\u00e1rios e onde assistir \u00e0 terceira etapa da temporada 2026<\/p>\n","protected":false},"author":0,"featured_media":1001084496,"template":"","meta":{"42wp_featured_image_caption":"","42wp_featured_image_credits":"","42wp_featured_video":"","42wp_featured_image_hidden":false,"42wp_authors_list":[],"42wp_galeria_metabox":[{"img":1001085285,"legenda":"BMW #20 venceu pela primeira vez no WEC em Spa (Foto: Charly L\u00f3pez \/ DPPI)","credito":""},{"img":1001084222,"legenda":"","credito":""},{"img":1001078275,"legenda":"Toyota #8 em \u00cdmola (Foto: Julien Delfosse \/ DPPI)","credito":""},{"img":1001077729,"legenda":"","credito":""},{"img":1001077469,"legenda":"AF Corse #83 em \u00cdmola (Foto: Alberto Vimercati \/ DPPI)","credito":""}],"42wp_gallery_images":[1001085285,1001084222,1001078275,1001077729,1001077469]},"categories":[52],"tags":[28876,31715,43101,39845,1208,45559,357,45496,39846,39847,356,43320,37574],"42wp_author":[47163],"class_list":["post-5802","42wp_gallery","type-42wp_gallery","status-publish","has-post-thumbnail","hentry","category-wec","tag-24h-le-mans","tag-classificacao-le-mans","tag-hiperpole-le-mans","tag-horarios-le-mans","tag-le-mans","tag-le-mans-2026","tag-mundial-de-endurance","tag-mundial-de-endurance-2026","tag-programacao-le-mans","tag-treinos-le-mans","tag-wec","tag-wec-2026","tag-wec-ao-vivo","42wp_author-caio-cavalcante"],"_links":{"self":[{"href":"https:\/\/grandepremio.com\/br\/wp-json\/wp\/v2\/42wp_gallery\/5802","targetHints":{"allow":["GET"]}}],"collection":[{"href":"https:\/\/grandepremio.com\/br\/wp-json\/wp\/v2\/42wp_gallery"}],"about":[{"href":"https:\/\/grandepremio.com\/br\/wp-json\/wp\/v2\/types\/42wp_gallery"}],"wp:featuredmedia":[{"embeddable":true,"href":"https:\/\/grandepremio.com\/br\/wp-json\/wp\/v2\/media\/1001084496"}],"wp:attachment":[{"href":"https:\/\/grandepremio.com\/br\/wp-json\/wp\/v2\/media?parent=5802"}],"wp:term":[{"taxonomy":"category","embeddable":true,"href":"https:\/\/grandepremio.com\/br\/wp-json\/wp\/v2\/categories?post=5802"},{"taxonomy":"post_tag","embeddable":true,"href":"https:\/\/grandepremio.com\/br\/wp-json\/wp\/v2\/tags?post=5802"},{"taxonomy":"42wp_author","embeddable":true,"href":"https:\/\/grandepremio.com\/br\/wp-json\/wp\/v2\/42wp_author?post=5802"}],"curies":[{"name":"wp","href":"https:\/\/api.w.org\/{rel}","templated":true}]}}

A programação do WEC em La Sarthe: os horários das 24 Horas de Le Mans

<p>O Mundial de Endurance (WEC) chega à França para a disputa da principal corrida do campeonato: as 24 Horas de Le Mans. Confira horários e onde assistir à terceira etapa da temporada 2026</p>

BMW #20 venceu pela primeira vez no WEC em Spa (Foto: Charly López / DPPI)

Toyota #8 em Ímola (Foto: Julien Delfosse / DPPI)

AF Corse #83 em Ímola (Foto: Alberto Vimercati / DPPI)
