{"id":6224,"date":"2025-09-25T08:53:05","date_gmt":"2025-09-25T11:53:05","guid":{"rendered":"https:\/\/grandepremio.com\/br\/galerias\/programacao-wec-japao-horarios-6-horas-de-fuji\/"},"modified":"2025-09-26T05:10:47","modified_gmt":"2025-09-26T08:10:47","slug":"programacao-wec-japao-horarios-6-horas-de-fuji","status":"publish","type":"42wp_gallery","link":"https:\/\/grandepremio.com\/br\/galerias\/wec\/programacao-wec-japao-horarios-6-horas-de-fuji\/","title":{"rendered":"A programa\u00e7\u00e3o do WEC no Jap\u00e3o: os hor\u00e1rios das 6 Horas de Fuji"},"content":{"rendered":"","protected":false},"excerpt":{"rendered":"<p>O Mundial de Endurance acelera no Jap\u00e3o para a s\u00e9tima etapa da temporada 2025. Confira hor\u00e1rios e onde assistir \u00e0s 6 Horas de Fuji<\/p>\n","protected":false},"author":0,"featured_media":1001016115,"template":"","meta":{"42wp_featured_image_caption":"","42wp_featured_image_credits":"","42wp_featured_video":"","42wp_featured_image_hidden":false,"42wp_authors_list":[],"42wp_galeria_metabox":[{"img":1001016114,"legenda":"","credito":""},{"img":1001016027,"legenda":"","credito":""},{"img":1001015430,"legenda":"","credito":""},{"img":1001012302,"legenda":"Porsche est\u00e1 fora dos Hipercarros a partir do fim do ano (Foto: Julien Delfosse \/ DPPI)","credito":""},{"img":1001011251,"legenda":"Ferrari #51 na Lone Star Le Mans, 6\u00aa etapa do WEC 2025 (Foto: Fabrizio Boldoni \/ DPPI)","credito":""},{"img":1001010938,"legenda":"","credito":""},{"img":1001010833,"legenda":"Ferrari #51 e AF Corse #83 (Foto: Julien Delfosse \/ DPPI)","credito":""},{"img":1001009529,"legenda":"Ferrari #51 ficou em segundo no TL2 em Austin (Foto: Javier Jimenez \/ DPPI)","credito":""}],"42wp_gallery_images":[1001016114,1001016027,1001015430,1001012302,1001011251,1001010938,1001010833,1001009529]},"categories":[52],"tags":[3221,5660,4730,1491,43384,32087,34540,37574,37575,42283],"42wp_author":[47162],"class_list":["post-6224","42wp_gallery","type-42wp_gallery","status-publish","has-post-thumbnail","hentry","category-wec","tag-6-horas-fuji","tag-classificacao","tag-gptv","tag-grande-premio","tag-grandepremio-wec","tag-onde-assistir","tag-wec-2025","tag-wec-ao-vivo","tag-wec-live","tag-wec-tv-2025","42wp_author-giovani-danjo"],"_links":{"self":[{"href":"https:\/\/grandepremio.com\/br\/wp-json\/wp\/v2\/42wp_gallery\/6224","targetHints":{"allow":["GET"]}}],"collection":[{"href":"https:\/\/grandepremio.com\/br\/wp-json\/wp\/v2\/42wp_gallery"}],"about":[{"href":"https:\/\/grandepremio.com\/br\/wp-json\/wp\/v2\/types\/42wp_gallery"}],"wp:featuredmedia":[{"embeddable":true,"href":"https:\/\/grandepremio.com\/br\/wp-json\/wp\/v2\/media\/1001016115"}],"wp:attachment":[{"href":"https:\/\/grandepremio.com\/br\/wp-json\/wp\/v2\/media?parent=6224"}],"wp:term":[{"taxonomy":"category","embeddable":true,"href":"https:\/\/grandepremio.com\/br\/wp-json\/wp\/v2\/categories?post=6224"},{"taxonomy":"post_tag","embeddable":true,"href":"https:\/\/grandepremio.com\/br\/wp-json\/wp\/v2\/tags?post=6224"},{"taxonomy":"42wp_author","embeddable":true,"href":"https:\/\/grandepremio.com\/br\/wp-json\/wp\/v2\/42wp_author?post=6224"}],"curies":[{"name":"wp","href":"https:\/\/api.w.org\/{rel}","templated":true}]}}

A programação do WEC no Japão: os horários das 6 Horas de Fuji

<p>O Mundial de Endurance acelera no Japão para a sétima etapa da temporada 2025. Confira horários e onde assistir às 6 Horas de Fuji</p>

Porsche está fora dos Hipercarros a partir do fim do ano (Foto: Julien Delfosse / DPPI)

Ferrari #51 na Lone Star Le Mans, 6ª etapa do WEC 2025 (Foto: Fabrizio Boldoni / DPPI)
