{"id":1052,"date":"2019-09-01T12:41:00","date_gmt":"2019-09-01T15:41:00","guid":{"rendered":"https:\/\/grandepremio.com\/br\/grandepremium\/materias\/alegria-em-meio-a-tristeza\/"},"modified":"2022-05-19T17:28:17","modified_gmt":"2022-05-19T20:28:17","slug":"alegria-em-meio-a-tristeza","status":"publish","type":"42wp_premium","link":"https:\/\/grandepremio.com\/br\/grandepremium\/noticias\/materias\/alegria-em-meio-a-tristeza\/","title":{"rendered":"Alegria em meio &agrave; tristeza"},"content":{"rendered":"\n<p>Foi um fim de semana de emo&ccedil;&otilde;es conflitantes para Charles Leclerc. O monegasco <a href=\"https:\/\/grandepremium.grandepremio.com\/br\/analise\/materias\/treino-e-treino-corrida-e-corrida\" target=\"_blank\" rel=\"noopener noreferrer\"><strong>dominou todos os treinos livres, a classifica&ccedil;&atilde;o, fez a pole<\/strong><\/a> e liderou boa parte do GP da B&eacute;lgica. Ap&oacute;s as 44 voltas realizadas neste domingo (1&ordm;), o monegasco <a href=\"https:\/\/www.grandepremio.com\/br\/f1\/noticias\/em-luto-por-hubert-leclerc-brilha-na-belgica-e-vence-pela-primeira-vez-na-f1\" target=\"_blank\" rel=\"noopener noreferrer\"><strong>venceu a primeira corrida na carreira<\/strong><\/a>, encerrou o jejum da Ferrari de quase um ano e chorou.<\/p>\n<p>Infelizmente, as l&aacute;grimas n&atilde;o foram s&oacute; de alegria.<\/p>\n<p>&ldquo;Eu n&atilde;o posso acreditar. Descanse em paz&rdquo;, postou o piloto no s&aacute;bado, no Instagram. Ele era amigo de Anthoine Hubert, que morreu ap&oacute;s um grave acidente tamb&eacute;m em Spa, na prova da F&oacute;rmula 2. &ldquo;Eu cresci com Anthoine e eu dedico a vit&oacute;ria a ele&rdquo;, disse o ferrarista nas entrevistas ap&oacute;s o GP. A perda do amigo e companheiro de automobilismo foi mais um duro golpe na vida de Leclerc, que tamb&eacute;m era muito amigo de outra jovem promessa que perdeu a vida nas pistas: Jules Bianchi.<\/p>\n<p>Apesar do cora&ccedil;&atilde;o pesado, foi uma vit&oacute;ria contundente para Charles. Tem mais: ainda que Sebastian Vettel tenha mais pontos na classifica&ccedil;&atilde;o do campeonato (169 a 157), foi Leclerc que teve os momentos de maior brilho na Ferrari no ano. Finalmente alcan&ccedil;ar a primeira vit&oacute;ria representa, muitas vezes, um rito de passagem para os grandes pilotos. Tira-se o primeiro grande peso na F1, o que pode ajudar na tranquilidade e confian&ccedil;a para que as pr&oacute;ximas conquistas aconte&ccedil;am.<\/p>\n<div>\n<div class=\"imagem-noticia\"><img loading=\"lazy\" decoding=\"async\" src=\"https:\/\/s3-us-east-2.amazonaws.com\/cdngp\/grandepremium\/images\/2019911241893_190027_bel_O.jpg\" width=\"4000\" height=\"2667\" \/><\/div>\n<blockquote class=\"destaque-imagem\"><p>Charles Leclerc j\u00e1 havia dominado os treinos e precisava s\u00f3 se concentrar na corrida em Spa (Divulga\u00e7\u00e3o\/Ferrari)<\/p><\/blockquote>\n<\/div>\n<p>Ser&aacute; que veremos o mesmo acontecer com Charles?<\/p>\n<p>Ainda que sejam duras, as duas perdas n&atilde;o parecem ter tirado o foco do piloto do carro #16 &#8211; pelo contr&aacute;rio. Pelas declara&ccedil;&otilde;es e empenho na pista, percebe-se que Leclerc n&atilde;o est&aacute; correndo e sendo r&aacute;pido apenas por si mesmo, mas tamb&eacute;m pelos amigos.<\/p>\n<p>Agora, pensando de forma pr&aacute;tica, o bom desempenho da Ferrari e de Charles Leclerc chegaram muito tarde na temporada. Lewis Hamilton lidera o campeonato com certa tranquilidade, com Valtteri Bottas em segundo no mundial &#8211; e o finland&ecirc;s j&aacute; mostrou que, ao menos em 2019, n&atilde;o tem bala na agulha para superar o pentacampe&atilde;o. Max Verstappen, que est&aacute; em terceiro, errou ao se chocar com a Alfa Romeo de Kimi R&auml;ikk&ouml;nen, logo no come&ccedil;o da corrida em Spa. O holand&ecirc;s abandonou e teve a rea&ccedil;&atilde;o no campeonato barrada &#8211; ele vinha de duas vit&oacute;rias e um terceiro lugar nos &uacute;ltimos quatro GPs.<\/p>\n<div>\n<div class=\"imagem-noticia\"><img loading=\"lazy\" decoding=\"async\" src=\"https:\/\/s3-us-east-2.amazonaws.com\/cdngp\/grandepremium\/images\/2019911238185_69955669_117655709604567_7839494776025020907_n_O.jpg\" width=\"379\" height=\"474\" \/><\/div>\n<div class=\"legenda-imagem\">J&aacute; Vettel est&aacute; em uma de suas piores fases na F1. Sem vencer h&aacute; um ano, viu o companheiro de equipe muito melhor em todo o fim de semana. At&eacute; por isso, foi obrigado a deixar o #16 pass&aacute;-lo ap&oacute;s receber a (aceit&aacute;vel, neste caso) ordem de equipe. Ou o alem&atilde;o reage, ou corre o risco de, com raz&atilde;o, ser colocado em segundo plano dentro dos objetivos da equipe.<\/p>\n<p>Para temperar o campeonato, vamos torcer para a Ferrari continuar no caminho das vit&oacute;rias &#8211; que pareciam que seriam comuns ap&oacute;s a forte pr&eacute;-temporada da equipe, mas que demoraram a acontecer. Com sorte, os italianos usam um bom final de ano para recuperar Vettel e consolidar Leclerc, al&eacute;m de tentar dificultar o hexa de Hamilton.<\/p>\n<p>Se n&atilde;o for assim, a FIA j&aacute; pode mandar cravar o nome do campe&atilde;o de 2019 no trof&eacute;u da F&oacute;rmula 1&#8230;<br \/>\n (Rerprodu\u00e7\u00e3o\/Instagram\/@charlesleclerc)<\/p><\/div>\n<\/div>\n<p>.embed-container { position: relative; padding-bottom: 56.25%; height: 0; overflow: hidden; max-width: 100%; } .embed-container iframe, .embed-container object, .embed-container embed { position: absolute; top: 0; left: 0; width: 100%; height: 100%; }<\/p>\n<div class=\"embed-container\">[youtube https:\/\/www.youtube.com\/watch?v=\/yAEMrMxg8rk]<\/div>\n","protected":false},"excerpt":{"rendered":"<p>Charles Leclerc venceu a primeira corrida da carreira na F1, mas a conquista veio em um fim de semana de uma grande perda para ele e para todo o automobilismo<\/p>\n","protected":false},"author":0,"featured_media":0,"template":"","meta":{"42wp_featured_image_caption":"","42wp_featured_image_credits":"","42wp_featured_video":"","42wp_featured_image_hidden":false,"42wp_authors_list":[],"footnotes":""},"categories":[1],"tags":[],"42wp_author":[47127],"class_list":["post-1052","42wp_premium","type-42wp_premium","status-publish","hentry","category-noticias","42wp_author-renan-martins-frade"],"_links":{"self":[{"href":"https:\/\/grandepremio.com\/br\/wp-json\/wp\/v2\/42wp_premium\/1052","targetHints":{"allow":["GET"]}}],"collection":[{"href":"https:\/\/grandepremio.com\/br\/wp-json\/wp\/v2\/42wp_premium"}],"about":[{"href":"https:\/\/grandepremio.com\/br\/wp-json\/wp\/v2\/types\/42wp_premium"}],"version-history":[{"count":0,"href":"https:\/\/grandepremio.com\/br\/wp-json\/wp\/v2\/42wp_premium\/1052\/revisions"}],"wp:attachment":[{"href":"https:\/\/grandepremio.com\/br\/wp-json\/wp\/v2\/media?parent=1052"}],"wp:term":[{"taxonomy":"category","embeddable":true,"href":"https:\/\/grandepremio.com\/br\/wp-json\/wp\/v2\/categories?post=1052"},{"taxonomy":"post_tag","embeddable":true,"href":"https:\/\/grandepremio.com\/br\/wp-json\/wp\/v2\/tags?post=1052"},{"taxonomy":"42wp_author","embeddable":true,"href":"https:\/\/grandepremio.com\/br\/wp-json\/wp\/v2\/42wp_author?post=1052"}],"curies":[{"name":"wp","href":"https:\/\/api.w.org\/{rel}","templated":true}]}}

<p>Foi um fim de semana de emo&ccedil;&otilde;es conflitantes para Charles Leclerc. O monegasco <a href="https://grandepremium.grandepremio.com/br/analise/materias/treino-e-treino-corrida-e-corrida" target="_blank" rel="noopener noreferrer"><strong>dominou todos os treinos livres, a classifica&ccedil;&atilde;o, fez a pole</strong></a> e liderou boa parte do GP da B&eacute;lgica. Ap&oacute;s as 44 voltas realizadas neste domingo (1&ordm;), o monegasco <a href="https://www.grandepremio.com/br/f1/noticias/em-luto-por-hubert-leclerc-brilha-na-belgica-e-vence-pela-primeira-vez-na-f1" target="_blank" rel="noopener noreferrer"><strong>venceu a primeira corrida na carreira</strong></a>, encerrou o jejum da Ferrari de quase um ano e chorou.</p>
<p>Infelizmente, as l&aacute;grimas n&atilde;o foram s&oacute; de alegria.</p>
<p>&ldquo;Eu n&atilde;o posso acreditar. Descanse em paz&rdquo;, postou o piloto no s&aacute;bado, no Instagram. Ele era amigo de Anthoine Hubert, que morreu ap&oacute;s um grave acidente tamb&eacute;m em Spa, na prova da F&oacute;rmula 2. &ldquo;Eu cresci com Anthoine e eu dedico a vit&oacute;ria a ele&rdquo;, disse o ferrarista nas entrevistas ap&oacute;s o GP. A perda do amigo e companheiro de automobilismo foi mais um duro golpe na vida de Leclerc, que tamb&eacute;m era muito amigo de outra jovem promessa que perdeu a vida nas pistas: Jules Bianchi.</p>
<p>Apesar do cora&ccedil;&atilde;o pesado, foi uma vit&oacute;ria contundente para Charles. Tem mais: ainda que Sebastian Vettel tenha mais pontos na classifica&ccedil;&atilde;o do campeonato (169 a 157), foi Leclerc que teve os momentos de maior brilho na Ferrari no ano. Finalmente alcan&ccedil;ar a primeira vit&oacute;ria representa, muitas vezes, um rito de passagem para os grandes pilotos. Tira-se o primeiro grande peso na F1, o que pode ajudar na tranquilidade e confian&ccedil;a para que as pr&oacute;ximas conquistas aconte&ccedil;am.</p>
<div>
<div class="imagem-noticia"><img loading="lazy" decoding="async" src="https://s3-us-east-2.amazonaws.com/cdngp/grandepremium/images/2019911241893_190027_bel_O.jpg" width="4000" height="2667" /></div>
<blockquote class="destaque-imagem"><p>Charles Leclerc já havia dominado os treinos e precisava só se concentrar na corrida em Spa (Divulgação/Ferrari)</p></blockquote>
</div>
<p>Ser&aacute; que veremos o mesmo acontecer com Charles?</p>
<p>Ainda que sejam duras, as duas perdas n&atilde;o parecem ter tirado o foco do piloto do carro #16 &#8211; pelo contr&aacute;rio. Pelas declara&ccedil;&otilde;es e empenho na pista, percebe-se que Leclerc n&atilde;o est&aacute; correndo e sendo r&aacute;pido apenas por si mesmo, mas tamb&eacute;m pelos amigos.</p>
<p>Agora, pensando de forma pr&aacute;tica, o bom desempenho da Ferrari e de Charles Leclerc chegaram muito tarde na temporada. Lewis Hamilton lidera o campeonato com certa tranquilidade, com Valtteri Bottas em segundo no mundial &#8211; e o finland&ecirc;s j&aacute; mostrou que, ao menos em 2019, n&atilde;o tem bala na agulha para superar o pentacampe&atilde;o. Max Verstappen, que est&aacute; em terceiro, errou ao se chocar com a Alfa Romeo de Kimi R&auml;ikk&ouml;nen, logo no come&ccedil;o da corrida em Spa. O holand&ecirc;s abandonou e teve a rea&ccedil;&atilde;o no campeonato barrada &#8211; ele vinha de duas vit&oacute;rias e um terceiro lugar nos &uacute;ltimos quatro GPs.</p>
<div>
<div class="imagem-noticia"><img loading="lazy" decoding="async" src="https://s3-us-east-2.amazonaws.com/cdngp/grandepremium/images/2019911238185_69955669_117655709604567_7839494776025020907_n_O.jpg" width="379" height="474" /></div>
<div class="legenda-imagem">J&aacute; Vettel est&aacute; em uma de suas piores fases na F1. Sem vencer h&aacute; um ano, viu o companheiro de equipe muito melhor em todo o fim de semana. At&eacute; por isso, foi obrigado a deixar o #16 pass&aacute;-lo ap&oacute;s receber a (aceit&aacute;vel, neste caso) ordem de equipe. Ou o alem&atilde;o reage, ou corre o risco de, com raz&atilde;o, ser colocado em segundo plano dentro dos objetivos da equipe.</p>
<p>Para temperar o campeonato, vamos torcer para a Ferrari continuar no caminho das vit&oacute;rias &#8211; que pareciam que seriam comuns ap&oacute;s a forte pr&eacute;-temporada da equipe, mas que demoraram a acontecer. Com sorte, os italianos usam um bom final de ano para recuperar Vettel e consolidar Leclerc, al&eacute;m de tentar dificultar o hexa de Hamilton.</p>
<p>Se n&atilde;o for assim, a FIA j&aacute; pode mandar cravar o nome do campe&atilde;o de 2019 no trof&eacute;u da F&oacute;rmula 1&#8230;<br />
 (Rerprodução/Instagram/@charlesleclerc)</p></div>
</div>
<p>.embed-container { position: relative; padding-bottom: 56.25%; height: 0; overflow: hidden; max-width: 100%; } .embed-container iframe, .embed-container object, .embed-container embed { position: absolute; top: 0; left: 0; width: 100%; height: 100%; }</p>
<div class="embed-container">[youtube https://www.youtube.com/watch?v=/yAEMrMxg8rk]</div>
