{"id":161672,"date":"2026-08-27T05:00:00","date_gmt":"2026-08-27T08:00:00","guid":{"rendered":"https:\/\/grandepremio.com\/br\/?post_type=42wp_premium&#038;p=161672"},"modified":"2026-08-20T21:58:03","modified_gmt":"2026-08-21T00:58:03","slug":"pascal-wehrlein-2024-2026-raio-x-bicampeonato-formula-e","status":"publish","type":"42wp_premium","link":"https:\/\/grandepremio.com\/br\/grandepremium\/formula-e\/materias\/pascal-wehrlein-2024-2026-raio-x-bicampeonato-formula-e\/","title":{"rendered":"Pascal Wehrlein 2024 x 2026: raio X do bicampeonato da F\u00f3rmula E"},"content":{"rendered":"\n<p class=\"wp-block-paragraph\"><strong>Pascal Wehrlein voltou ao topo da F\u00f3rmula E<\/strong> e, desta vez, com um feito que o coloca em um grupo ainda mais seleto da hist\u00f3ria da categoria. O alem\u00e3o conquistou o segundo t\u00edtulo da carreira e se juntou a Jean-\u00c9ric Vergne como os <strong>\u00fanicos bicampe\u00f5es desde a cria\u00e7\u00e3o da categoria el\u00e9trica<\/strong>. A conquista tamb\u00e9m o consolidou definitivamente como um dos grandes nomes da hist\u00f3ria do certame.<\/p>\n\n\n\n<p class=\"wp-block-paragraph\">O primeiro t\u00edtulo veio em 2023\/24, ap\u00f3s uma disputa equilibrada at\u00e9 o fim contra Mitch Evans e Nick Cassidy. Wehrlein passou a maior parte da temporada perseguindo o #37 e, em determinado momento, parecia que n\u00e3o teria f\u00f4lego para alcan\u00e7\u00e1-lo. Mas contou com uma s\u00e9rie de trapalhadas da Jaguar no ter\u00e7o final para encostar na tabela.<\/p>\n\n\n\n<figure class=\"wp-block-embed is-type-video is-provider-youtube wp-block-embed-youtube wp-embed-aspect-16-9 wp-has-aspect-ratio\"><div class=\"wp-block-embed__wrapper\">\n<iframe loading=\"lazy\" title=\"F\u00d3RMULA E 2026 | CORRIDA 2 eP DE LONDRES COMPLETA COM IMAGENS E DRUGOVICH | 17\u00aa ETAPA\" width=\"500\" height=\"281\" src=\"https:\/\/www.youtube.com\/embed\/j_vLKFjcrKw?feature=oembed\" frameborder=\"0\" allow=\"accelerometer; autoplay; clipboard-write; encrypted-media; gyroscope; picture-in-picture; web-share\" referrerpolicy=\"strict-origin-when-cross-origin\" allowfullscreen><\/iframe>\n<\/div><\/figure>\n\n\n\n<p class=\"wp-block-paragraph\">A lideran\u00e7a do campeonato veio ap\u00f3s vencer a primeira corrida da rodada dupla decisiva, em Londres. Na prova derradeira, ainda viu Evans errar uma ativa\u00e7\u00e3o do Modo Ataque quando disputavam diretamente o t\u00edtulo em pista e sagrou-se <strong>em uma campanha marcada pela regularidade<\/strong> e pela capacidade de se manter entre os protagonistas mesmo sem brilhar tanto quanto Cassidy.<\/p>\n\n\n\n<p class=\"wp-block-paragraph\">Dois anos depois, o roteiro voltou a colocar Wehrlein em uma disputa apertada pelo Mundial com Evans. Dessa vez, Jake Dennis foi o terceiro piloto nessa briga, <strong>e a defini\u00e7\u00e3o novamente ficou para os momentos finais<\/strong>. Ap\u00f3s come\u00e7ar bem o campeonato e liderar boa parte da primeira metade da temporada, sofreu com muitos altos e baixos no ter\u00e7o final e chegou a Londres em terceiro no campeonato.<\/p>\n\n\n\n<p class=\"wp-block-paragraph\">Assim como em 2024, venceu no s\u00e1bado para voltar \u00e0 ponta. No dia seguinte, n\u00e3o pontuou ap\u00f3s bater com Dennis nas \u00faltimas voltas, mas o 4\u00ba lugar de Evans n\u00e3o foi o suficiente para evitar o bicampeonato.<\/p>\n\n\n\n<p class=\"wp-block-paragraph\"><strong>As duas campanhas tiveram algumas similaridades<\/strong>, como entrar na rodada dupla decisiva em desvantagem na tabela e virar o jogo nas \u00faltimas corridas. <strong>Mas tamb\u00e9m houve diferen\u00e7as<\/strong>, com os altos e baixos da conquista mais recente contrastando com a regularidade da primeira. Ent\u00e3o qual das duas temporadas foi melhor? O <strong>GRANDE PR\u00caMIUM<\/strong> coloca frente a frente os n\u00fameros das campanhas de 2023\/24 e 2025\/26 para comparar os dois t\u00edtulos.<\/p>\n\n\n\n<figure class=\"wp-block-image size-large\"><img loading=\"lazy\" decoding=\"async\" width=\"1024\" height=\"683\" src=\"https:\/\/grandepremio.com\/br\/wp-content\/uploads\/2026\/08\/EPS1016_173446SB1_8548-2048x2048-1-1024x683.jpg\" alt=\"\" class=\"wp-image-1020312320\" srcset=\"https:\/\/grandepremio.com\/wp-content\/uploads\/2026\/08\/EPS1016_173446SB1_8548-2048x2048-1-1024x683.jpg 1024w, https:\/\/grandepremio.com\/wp-content\/uploads\/2026\/08\/EPS1016_173446SB1_8548-2048x2048-1-300x200.jpg 300w, https:\/\/grandepremio.com\/wp-content\/uploads\/2026\/08\/EPS1016_173446SB1_8548-2048x2048-1-768x512.jpg 768w, https:\/\/grandepremio.com\/wp-content\/uploads\/2026\/08\/EPS1016_173446SB1_8548-2048x2048-1-1536x1024.jpg 1536w, https:\/\/grandepremio.com\/wp-content\/uploads\/2026\/08\/EPS1016_173446SB1_8548-2048x2048-1-150x100.jpg 150w, https:\/\/grandepremio.com\/wp-content\/uploads\/2026\/08\/EPS1016_173446SB1_8548-2048x2048-1.jpg 2048w\" sizes=\"(max-width: 1024px) 100vw, 1024px\" \/><figcaption class=\"wp-element-caption\">Pascal Wehrlein conquistou primeiro t\u00edtulo da F\u00f3rmula E em 2023\/24 (Foto: F\u00f3rmula E)<\/figcaption><\/figure>\n\n\n\n<h2 class=\"wp-block-heading\">Pascal Wehrlein em 2023\/24<\/h2>\n\n\n\n<p class=\"wp-block-paragraph\">Pontos: 198<br>Vantagem sobre Mitch Evans: 6 pontos<br>Vit\u00f3rias: 3<br>P\u00f3dios: 5<br>Pole-positions: 3<br>Voltas mais r\u00e1pidas: 0<br>Corridas fora do top-10: 2<br>Etapas na lideran\u00e7a: 7 (de 16)<\/p>\n\n\n\n<h2 class=\"wp-block-heading\">Pascal Wehrlein em 2025\/26<\/h2>\n\n\n\n<p class=\"wp-block-paragraph\">Pontos: 169<br>Vantagem sobre Jake Dennis: 5 pontos<br>Vit\u00f3rias: 3<br>P\u00f3dios: 6<br>Pole-positions: 4<br>Voltas mais r\u00e1pidas: 1<br>Corridas fora do top-10: 7 (1 abandono)<br>Etapas na lideran\u00e7a: 7 (de 17)<\/p>\n\n\n\n<p class=\"wp-block-paragraph\">A F\u00f3rmula E volta no dia 16 de novembro com os&nbsp;<a href=\"https:\/\/grandepremio.com\/br\/formula-e\/formula-e-confirma-jarama-palco-1a-pre-temporada-era-gen4\/\" target=\"_blank\" rel=\"noopener\">testes coletivos de pr\u00e9-temporada<\/a>, em Madri, no Circuito de Jarama.<\/p>\n","protected":false},"excerpt":{"rendered":"<p>Pascal Wehrlein conquistou t\u00edtulos das temporadas 2023\/24 e 2025\/26 e igualou Jean-\u00c9ric Vergne como \u00fanicos bicampe\u00f5es da categoria. Comparativo do GRANDE PREMIUM coloca frente a frente principais n\u00fameros das campanhas<\/p>\n","protected":false},"author":9,"featured_media":1020312319,"template":"","meta":{"42wp_featured_image_caption":"Pascal Wehrlein conquistou bicampeonato em Londres","42wp_featured_image_credits":"Porsche","42wp_featured_video":"","42wp_featured_image_hidden":false,"42wp_authors_list":[{"id":47164,"location":"do Rio de Janeiro"}],"footnotes":""},"categories":[19],"tags":[24801,1194,736],"42wp_author":[47164],"class_list":["post-161672","42wp_premium","type-42wp_premium","status-publish","has-post-thumbnail","hentry","category-formula-e","tag-lado-a-lado","tag-pascal-wehrlein","tag-porsche","42wp_author-marcos-gil-ribeiro"],"_links":{"self":[{"href":"https:\/\/grandepremio.com\/br\/wp-json\/wp\/v2\/42wp_premium\/161672","targetHints":{"allow":["GET"]}}],"collection":[{"href":"https:\/\/grandepremio.com\/br\/wp-json\/wp\/v2\/42wp_premium"}],"about":[{"href":"https:\/\/grandepremio.com\/br\/wp-json\/wp\/v2\/types\/42wp_premium"}],"author":[{"embeddable":true,"href":"https:\/\/grandepremio.com\/br\/wp-json\/wp\/v2\/users\/9"}],"version-history":[{"count":18,"href":"https:\/\/grandepremio.com\/br\/wp-json\/wp\/v2\/42wp_premium\/161672\/revisions"}],"predecessor-version":[{"id":161690,"href":"https:\/\/grandepremio.com\/br\/wp-json\/wp\/v2\/42wp_premium\/161672\/revisions\/161690"}],"wp:featuredmedia":[{"embeddable":true,"href":"https:\/\/grandepremio.com\/br\/wp-json\/wp\/v2\/media\/1020312319"}],"wp:attachment":[{"href":"https:\/\/grandepremio.com\/br\/wp-json\/wp\/v2\/media?parent=161672"}],"wp:term":[{"taxonomy":"category","embeddable":true,"href":"https:\/\/grandepremio.com\/br\/wp-json\/wp\/v2\/categories?post=161672"},{"taxonomy":"post_tag","embeddable":true,"href":"https:\/\/grandepremio.com\/br\/wp-json\/wp\/v2\/tags?post=161672"},{"taxonomy":"42wp_author","embeddable":true,"href":"https:\/\/grandepremio.com\/br\/wp-json\/wp\/v2\/42wp_author?post=161672"}],"curies":[{"name":"wp","href":"https:\/\/api.w.org\/{rel}","templated":true}]}}

Pascal Wehrlein 2024 x 2026: raio X do bicampeonato da Fórmula E

<p class="wp-block-paragraph"><strong>Pascal Wehrlein voltou ao topo da Fórmula E</strong> e, desta vez, com um feito que o coloca em um grupo ainda mais seleto da história da categoria. O alemão conquistou o segundo título da carreira e se juntou a Jean-Éric Vergne como os <strong>únicos bicampeões desde a criação da categoria elétrica</strong>. A conquista também o consolidou definitivamente como um dos grandes nomes da história do certame.</p>



<p class="wp-block-paragraph">O primeiro título veio em 2023/24, após uma disputa equilibrada até o fim contra Mitch Evans e Nick Cassidy. Wehrlein passou a maior parte da temporada perseguindo o #37 e, em determinado momento, parecia que não teria fôlego para alcançá-lo. Mas contou com uma série de trapalhadas da Jaguar no terço final para encostar na tabela.</p>



<figure class="wp-block-embed is-type-video is-provider-youtube wp-block-embed-youtube wp-embed-aspect-16-9 wp-has-aspect-ratio"><div class="wp-block-embed__wrapper">
<iframe loading="lazy" title="FÓRMULA E 2026 | CORRIDA 2 eP DE LONDRES COMPLETA COM IMAGENS E DRUGOVICH | 17ª ETAPA" width="500" height="281" src="https://www.youtube.com/embed/j_vLKFjcrKw?feature=oembed" frameborder="0" allow="accelerometer; autoplay; clipboard-write; encrypted-media; gyroscope; picture-in-picture; web-share" referrerpolicy="strict-origin-when-cross-origin" allowfullscreen></iframe>
</div></figure>



<p class="wp-block-paragraph">A liderança do campeonato veio após vencer a primeira corrida da rodada dupla decisiva, em Londres. Na prova derradeira, ainda viu Evans errar uma ativação do Modo Ataque quando disputavam diretamente o título em pista e sagrou-se <strong>em uma campanha marcada pela regularidade</strong> e pela capacidade de se manter entre os protagonistas mesmo sem brilhar tanto quanto Cassidy.</p>



<p class="wp-block-paragraph">Dois anos depois, o roteiro voltou a colocar Wehrlein em uma disputa apertada pelo Mundial com Evans. Dessa vez, Jake Dennis foi o terceiro piloto nessa briga, <strong>e a definição novamente ficou para os momentos finais</strong>. Após começar bem o campeonato e liderar boa parte da primeira metade da temporada, sofreu com muitos altos e baixos no terço final e chegou a Londres em terceiro no campeonato.</p>



<p class="wp-block-paragraph">Assim como em 2024, venceu no sábado para voltar à ponta. No dia seguinte, não pontuou após bater com Dennis nas últimas voltas, mas o 4º lugar de Evans não foi o suficiente para evitar o bicampeonato.</p>



<p class="wp-block-paragraph"><strong>As duas campanhas tiveram algumas similaridades</strong>, como entrar na rodada dupla decisiva em desvantagem na tabela e virar o jogo nas últimas corridas. <strong>Mas também houve diferenças</strong>, com os altos e baixos da conquista mais recente contrastando com a regularidade da primeira. Então qual das duas temporadas foi melhor? O <strong>GRANDE PRÊMIUM</strong> coloca frente a frente os números das campanhas de 2023/24 e 2025/26 para comparar os dois títulos.</p>



<figure class="wp-block-image size-large"><img loading="lazy" decoding="async" width="1024" height="683" src="https://grandepremio.com/br/wp-content/uploads/2026/08/EPS1016_173446SB1_8548-2048x2048-1-1024x683.jpg" alt="" class="wp-image-1020312320" srcset="https://grandepremio.com/wp-content/uploads/2026/08/EPS1016_173446SB1_8548-2048x2048-1-1024x683.jpg 1024w, https://grandepremio.com/wp-content/uploads/2026/08/EPS1016_173446SB1_8548-2048x2048-1-300x200.jpg 300w, https://grandepremio.com/wp-content/uploads/2026/08/EPS1016_173446SB1_8548-2048x2048-1-768x512.jpg 768w, https://grandepremio.com/wp-content/uploads/2026/08/EPS1016_173446SB1_8548-2048x2048-1-1536x1024.jpg 1536w, https://grandepremio.com/wp-content/uploads/2026/08/EPS1016_173446SB1_8548-2048x2048-1-150x100.jpg 150w, https://grandepremio.com/wp-content/uploads/2026/08/EPS1016_173446SB1_8548-2048x2048-1.jpg 2048w" sizes="(max-width: 1024px) 100vw, 1024px" /><figcaption class="wp-element-caption">Pascal Wehrlein conquistou primeiro título da Fórmula E em 2023/24 (Foto: Fórmula E)</figcaption></figure>



<h2 class="wp-block-heading">Pascal Wehrlein em 2023/24</h2>



<p class="wp-block-paragraph">Pontos: 198<br>Vantagem sobre Mitch Evans: 6 pontos<br>Vitórias: 3<br>Pódios: 5<br>Pole-positions: 3<br>Voltas mais rápidas: 0<br>Corridas fora do top-10: 2<br>Etapas na liderança: 7 (de 16)</p>



<h2 class="wp-block-heading">Pascal Wehrlein em 2025/26</h2>



<p class="wp-block-paragraph">Pontos: 169<br>Vantagem sobre Jake Dennis: 5 pontos<br>Vitórias: 3<br>Pódios: 6<br>Pole-positions: 4<br>Voltas mais rápidas: 1<br>Corridas fora do top-10: 7 (1 abandono)<br>Etapas na liderança: 7 (de 17)</p>



<p class="wp-block-paragraph">A Fórmula E volta no dia 16 de novembro com os&nbsp;<a href="https://grandepremio.com/br/formula-e/formula-e-confirma-jarama-palco-1a-pre-temporada-era-gen4/" target="_blank" rel="noopener">testes coletivos de pré-temporada</a>, em Madri, no Circuito de Jarama.</p>

<p>Pascal Wehrlein conquistou títulos das temporadas 2023/24 e 2025/26 e igualou Jean-Éric Vergne como únicos bicampeões da categoria. Comparativo do GRANDE PREMIUM coloca frente a frente principais números das campanhas</p>
