{"id":600,"date":"2021-08-29T14:03:29","date_gmt":"2021-08-29T17:03:29","guid":{"rendered":"https:\/\/grandepremio.com\/br\/grandepremium\/materias\/faltou-um-simples-protocolo-para-chuva-no-gp-da-belgica\/"},"modified":"2021-08-29T14:03:29","modified_gmt":"2021-08-29T17:03:29","slug":"faltou-um-simples-protocolo-para-chuva-no-gp-da-belgica","status":"publish","type":"42wp_premium","link":"https:\/\/grandepremio.com\/br\/grandepremium\/f1\/materias\/faltou-um-simples-protocolo-para-chuva-no-gp-da-belgica\/","title":{"rendered":"Faltou um simples protocolo para chuva no GP da B\u00e9lgica"},"content":{"rendered":"\n<figure class=\"wp-block-embed-youtube aligncenter wp-block-embed is-type-video is-provider-youtube wp-embed-aspect-16-9 wp-has-aspect-ratio\"><div class=\"wp-block-embed__wrapper\">\n<iframe loading=\"lazy\" title=\"VERGONHA NA F1! TUDO SOBRE O N\u00c3O GP DA B\u00c9LGICA  | Briefing\" width=\"500\" height=\"281\" src=\"https:\/\/www.youtube.com\/embed\/Pd36Y-3juoU?feature=oembed\" frameborder=\"0\" allow=\"accelerometer; autoplay; clipboard-write; encrypted-media; gyroscope; picture-in-picture; web-share\" referrerpolicy=\"strict-origin-when-cross-origin\" allowfullscreen><\/iframe>\n<\/div><\/figure>\n\n\n\n<p class=\"wp-block-paragraph\">L\u00e1 se v\u00e3o 72 edi\u00e7\u00f5es de campeonatos de F\u00f3rmula 1 e, diante do que aconteceu (ou n\u00e3o) neste domingo (29), nas <strong><a aria-label=\"undefined (opens in a new tab)\" href=\"https:\/\/www.grandepremio.com\/br\/f1\/noticias\/formula-1-encerra-nao-corrida-na-belgica-apos-3-horas-e-meia-2-voltas-e-max-verstappen-vencedor\/\" target=\"_blank\" rel=\"noreferrer noopener\">dua<\/a><a href=\"https:\/\/www.grandepremio.com\/br\/f1\/noticias\/formula-1-encerra-nao-corrida-na-belgica-apos-3-horas-e-meia-2-voltas-e-max-verstappen-vencedor\/\" target=\"_blank\" aria-label=\"undefined (opens in a new tab)\" rel=\"noreferrer noopener\">s<\/a><a aria-label=\"undefined (opens in a new tab)\" href=\"https:\/\/www.grandepremio.com\/br\/f1\/noticias\/formula-1-encerra-nao-corrida-na-belgica-apos-3-horas-e-meia-2-voltas-e-max-verstappen-vencedor\/\" target=\"_blank\" rel=\"noreferrer noopener\"> voltas do GP da B\u00e9lgica<\/a><\/strong>, n\u00e3o d\u00e1 para falar que existe uma organiza\u00e7\u00e3o muito grande na repetida vezes \u201cprincipal categoria do automobilismo\u201d. A dire\u00e7\u00e3o de prova simplesmente n\u00e3o sabia o que fazer com a forte chuva que impediu a realiza\u00e7\u00e3o de uma prova para valer em Spa-Francorchamps.\u00a0<\/p>\n\n\n\n<p class=\"wp-block-paragraph\">Max Verstappen (Red Bull), George Russell (Williams) e Lewis Hamilton (Mercedes), primeiro, segundo e terceiro na classifica\u00e7\u00e3o, conquistaram metade dos pontos estabelecidos para cada posi\u00e7\u00e3o e formaram um p\u00f3dio que seria pra l\u00e1 de chocho se n\u00e3o fosse pelo ineditismo com Russell. Hamilton lidera o Mundial com 202,5, seguido pelo holand\u00eas com 199,5 pontos.<\/p>\n\n\n\n<p class=\"wp-block-paragraph\">E olha que o atraso de 2h45, com sucessivos adiamentos, e a\u00ed se d\u00e1 o maior motivo da bronca, foi causado por chuva. Nada mais que isso! Nenhuma intemp\u00e9rie maior ou estrago no circuito por exemplo. A quest\u00e3o n\u00e3o era ter corrida de qualquer jeito, mas ter informa\u00e7\u00e3o a qualquer custo. N\u00e3o ter corrida quando se h\u00e1 um risco extremo, \u00e9 plenamente aceit\u00e1vel. O circo todo armado que foi o maior um tanto vergonhoso.&nbsp;<\/p>\n\n\n\n<div class=\"wp-block-image\"><figure class=\"aligncenter size-large\"><img decoding=\"async\" src=\"https:\/\/www.grandepremio.com\/br\/wp-content\/uploads\/2022\/05\/E9-RFiEWQAUjPBB.jpeg\" alt=\"\" class=\"wp-image-6820\" \/><figcaption>Vibra\u00e7\u00e3o de Russell foi o melhor de uma prova do GP da B\u00e9lgica que n\u00e3o existiu de fato (Foto: Reprodu\u00e7\u00e3o\/Twitter\/@F1)<\/figcaption><\/figure><\/div>\n\n\n\n<p class=\"wp-block-paragraph\">A largada, com muita chuva, estava prevista para as 10 horas (de Bras\u00edlia). Depois de 25 minutos de atraso, foi dada uma volta de instala\u00e7\u00e3o e mais uma atr\u00e1s do safety-car. A FIA (Federa\u00e7\u00e3o Internacional de Automobilismo) n\u00e3o deixou claro para as equipes, para a transmiss\u00e3o ou para quem quer que fosse, se essa volta estava valendo na contagem oficial. S\u00f3 tempos depois ficou entendido que o cron\u00f4metro havia sido paralisado para que se restasse pelo menos uma hora de corrida na (re-)largada, valendo metade dos pontos.<\/p>\n\n\n\n<p class=\"wp-block-paragraph\">O diretor de provas, Michael Masi, inclusive, foi quem mais se mostrou perdido com o que deveria ser um acess\u00edvel protocolo para a pista molhada. A comunica\u00e7\u00e3o no r\u00e1dio escancarou que simplesmente n\u00e3o se sabia o que fazer. As mancadas do dirigente come\u00e7aram ainda no s\u00e1bado de classifica\u00e7\u00e3o quando permitiu o in\u00edcio do Q3, que logo causou o <strong><a href=\"https:\/\/grandepremium.grandepremio.com\/br\/analise\/f1\/materias\/eau-rouge-emocao-confundida-com-irresponsabilidade\/\" target=\"_blank\" aria-label=\"undefined (opens in a new tab)\" rel=\"noreferrer noopener\">assustador acidente de Lando Norris<\/a><\/strong> com a sua McLaren na desafiadora Eau Rouge.\u00a0<\/p>\n\n\n\n<p class=\"wp-block-paragraph\">Se n\u00e3o h\u00e1 um procedimento correto a ser seguido para situa\u00e7\u00f5es como a de chuva que cercou a floresta Ardennes, como realizar um total de 22 provas no ano? E se uma situa\u00e7\u00e3o semelhante acontecer novamente em uma das nove corridas nos pr\u00f3ximos 11 finais de semana? Isso sem falar em tem\u00edveis casos relacionados \u00e0 covid-19.&nbsp;<\/p>\n\n\n\n<div class=\"wp-block-image\"><figure class=\"aligncenter size-large\"><img decoding=\"async\" src=\"https:\/\/www.grandepremio.com\/br\/wp-content\/uploads\/2022\/05\/E99i3OrX0AApMsG.jpeg\" alt=\"GP da B\u00e9lgica 2021,\" class=\"wp-image-6812\" \/><figcaption>Quest\u00e3o n\u00e3o era ter corrida a qualquer custo, mas ter informa\u00e7\u00e3o e evitar o circo que foi a prova em Spa-Francorchamps (Foto: Reprodu\u00e7\u00e3o\/Twitter\/@F1)<\/figcaption><\/figure><\/div>\n\n\n\n<p class=\"wp-block-paragraph\">A relargada \u00e0s 13h17 se deu em regime de safety-car. Depois de quatro voltas abertas, nova bandeira vermelha, mas, desta vez, o rel\u00f3gio n\u00e3o foi paralisado. Precisamente \u00e0s 13h44, j\u00e1 estava mais do que rid\u00edculo esperar o cron\u00f4metro zerar. Enfim a prova foi encerrada. Adiar para a segunda-feira talvez s\u00f3 adiasse o problema.<\/p>\n\n\n\n<p class=\"wp-block-paragraph\">J\u00e1 no pr\u00f3ximo fim de semana, a F1 desembarca em Zandvoort para o retorno do GP da Holanda, a 13\u00aa das 22 confirmada para a temporada 2021. Com o clima parecido, a F1 estar\u00e1 de novo em risco? E no chuvoso novembro paulistano, com o GP S\u00e3o Paulo? <\/p>\n\n\n\n<p class=\"wp-block-paragraph\">O protocolo precisa ser mais bem esclarecido ou novos e irritantes atrasos v\u00e3o acontecer ainda este ano.<\/p>\n\n\n\n<h2 class=\"wp-block-heading\">Leia mais:<\/h2>\n\n\n\n<p class=\"wp-block-paragraph\">+&nbsp;<strong><a href=\"https:\/\/grandepremium.grandepremio.com\/br\/lado-a-lado\/f1\/materias\/hamilton-x-rivais-no-pos-recesso-da-formula-1-nos-ultimos-anos\/\" target=\"_blank\" rel=\"noreferrer noopener\">Hamilton x rivais no p\u00f3s-recesso<\/a><\/strong><\/p>\n\n\n\n<p class=\"wp-block-paragraph\">+\u00a0<strong><a href=\"https:\/\/grandepremium.grandepremio.com\/br\/10\/f1\/materias\/no-que-ficar-de-olho-segunda-parte-temporada-2021-da-formula-1\/\">No que ficar de olho na segunda parte da temporada<\/a><\/strong><\/p>\n\n\n\n<figure class=\"wp-block-embed-spotify aligncenter wp-block-embed is-type-rich is-provider-spotify wp-embed-aspect-21-9 wp-has-aspect-ratio\"><div class=\"wp-block-embed__wrapper\">\n<iframe title=\"Spotify Embed: Paddockast #118- O que esperar da segunda parte da temporada da F\u00f3rmula 1 2021?\" style=\"border-radius: 12px\" width=\"100%\" height=\"152\" frameborder=\"0\" allowfullscreen allow=\"autoplay; clipboard-write; encrypted-media; fullscreen; picture-in-picture\" loading=\"lazy\" src=\"https:\/\/open.spotify.com\/embed\/episode\/74d305rFLD162W9cmMAIqX?si=--nPCygyQzCdzeeA-ibnng&amp;dl_branch=1&amp;nd=1&amp;utm_source=oembed\"><\/iframe>\n<\/div><\/figure>\n","protected":false},"excerpt":{"rendered":"<p>Dire\u00e7\u00e3o da prova em Spa-Francorchamps permitiu duas voltas atr\u00e1s do safety-car, em sucessivos e irritantes adiamentos. Pilotos conquistaram metade dos pontos estabelecidos, com Verstappen a tr\u00eas do l\u00edder Hamilton<\/p>\n","protected":false},"author":0,"featured_media":1000571677,"template":"","meta":{"42wp_featured_image_caption":"","42wp_featured_image_credits":"","42wp_featured_video":"","42wp_featured_image_hidden":false,"42wp_authors_list":[],"footnotes":""},"categories":[2],"tags":[1385],"42wp_author":[47126],"class_list":["post-600","42wp_premium","type-42wp_premium","status-publish","has-post-thumbnail","hentry","category-f1","tag-michael-masi","42wp_author-andre-avelar"],"_links":{"self":[{"href":"https:\/\/grandepremio.com\/br\/wp-json\/wp\/v2\/42wp_premium\/600","targetHints":{"allow":["GET"]}}],"collection":[{"href":"https:\/\/grandepremio.com\/br\/wp-json\/wp\/v2\/42wp_premium"}],"about":[{"href":"https:\/\/grandepremio.com\/br\/wp-json\/wp\/v2\/types\/42wp_premium"}],"version-history":[{"count":0,"href":"https:\/\/grandepremio.com\/br\/wp-json\/wp\/v2\/42wp_premium\/600\/revisions"}],"wp:featuredmedia":[{"embeddable":true,"href":"https:\/\/grandepremio.com\/br\/wp-json\/wp\/v2\/media\/1000571677"}],"wp:attachment":[{"href":"https:\/\/grandepremio.com\/br\/wp-json\/wp\/v2\/media?parent=600"}],"wp:term":[{"taxonomy":"category","embeddable":true,"href":"https:\/\/grandepremio.com\/br\/wp-json\/wp\/v2\/categories?post=600"},{"taxonomy":"post_tag","embeddable":true,"href":"https:\/\/grandepremio.com\/br\/wp-json\/wp\/v2\/tags?post=600"},{"taxonomy":"42wp_author","embeddable":true,"href":"https:\/\/grandepremio.com\/br\/wp-json\/wp\/v2\/42wp_author?post=600"}],"curies":[{"name":"wp","href":"https:\/\/api.w.org\/{rel}","templated":true}]}}

Faltou um simples protocolo para chuva no GP da Bélgica

<figure class="wp-block-embed-youtube aligncenter wp-block-embed is-type-video is-provider-youtube wp-embed-aspect-16-9 wp-has-aspect-ratio"><div class="wp-block-embed__wrapper">
<iframe loading="lazy" title="VERGONHA NA F1! TUDO SOBRE O NÃO GP DA BÉLGICA  | Briefing" width="500" height="281" src="https://www.youtube.com/embed/Pd36Y-3juoU?feature=oembed" frameborder="0" allow="accelerometer; autoplay; clipboard-write; encrypted-media; gyroscope; picture-in-picture; web-share" referrerpolicy="strict-origin-when-cross-origin" allowfullscreen></iframe>
</div></figure>



<p class="wp-block-paragraph">Lá se vão 72 edições de campeonatos de Fórmula 1 e, diante do que aconteceu (ou não) neste domingo (29), nas <strong><a aria-label="undefined (opens in a new tab)" href="https://www.grandepremio.com/br/f1/noticias/formula-1-encerra-nao-corrida-na-belgica-apos-3-horas-e-meia-2-voltas-e-max-verstappen-vencedor/" target="_blank" rel="noreferrer noopener">dua</a><a href="https://www.grandepremio.com/br/f1/noticias/formula-1-encerra-nao-corrida-na-belgica-apos-3-horas-e-meia-2-voltas-e-max-verstappen-vencedor/" target="_blank" aria-label="undefined (opens in a new tab)" rel="noreferrer noopener">s</a><a aria-label="undefined (opens in a new tab)" href="https://www.grandepremio.com/br/f1/noticias/formula-1-encerra-nao-corrida-na-belgica-apos-3-horas-e-meia-2-voltas-e-max-verstappen-vencedor/" target="_blank" rel="noreferrer noopener"> voltas do GP da Bélgica</a></strong>, não dá para falar que existe uma organização muito grande na repetida vezes “principal categoria do automobilismo”. A direção de prova simplesmente não sabia o que fazer com a forte chuva que impediu a realização de uma prova para valer em Spa-Francorchamps. </p>



<p class="wp-block-paragraph">Max Verstappen (Red Bull), George Russell (Williams) e Lewis Hamilton (Mercedes), primeiro, segundo e terceiro na classificação, conquistaram metade dos pontos estabelecidos para cada posição e formaram um pódio que seria pra lá de chocho se não fosse pelo ineditismo com Russell. Hamilton lidera o Mundial com 202,5, seguido pelo holandês com 199,5 pontos.</p>



<p class="wp-block-paragraph">E olha que o atraso de 2h45, com sucessivos adiamentos, e aí se dá o maior motivo da bronca, foi causado por chuva. Nada mais que isso! Nenhuma intempérie maior ou estrago no circuito por exemplo. A questão não era ter corrida de qualquer jeito, mas ter informação a qualquer custo. Não ter corrida quando se há um risco extremo, é plenamente aceitável. O circo todo armado que foi o maior um tanto vergonhoso.&nbsp;</p>



<div class="wp-block-image"><figure class="aligncenter size-large"><img decoding="async" src="https://www.grandepremio.com/br/wp-content/uploads/2022/05/E9-RFiEWQAUjPBB.jpeg" alt="" class="wp-image-6820" /><figcaption>Vibração de Russell foi o melhor de uma prova do GP da Bélgica que não existiu de fato (Foto: Reprodução/Twitter/@F1)</figcaption></figure></div>



<p class="wp-block-paragraph">A largada, com muita chuva, estava prevista para as 10 horas (de Brasília). Depois de 25 minutos de atraso, foi dada uma volta de instalação e mais uma atrás do safety-car. A FIA (Federação Internacional de Automobilismo) não deixou claro para as equipes, para a transmissão ou para quem quer que fosse, se essa volta estava valendo na contagem oficial. Só tempos depois ficou entendido que o cronômetro havia sido paralisado para que se restasse pelo menos uma hora de corrida na (re-)largada, valendo metade dos pontos.</p>



<p class="wp-block-paragraph">O diretor de provas, Michael Masi, inclusive, foi quem mais se mostrou perdido com o que deveria ser um acessível protocolo para a pista molhada. A comunicação no rádio escancarou que simplesmente não se sabia o que fazer. As mancadas do dirigente começaram ainda no sábado de classificação quando permitiu o início do Q3, que logo causou o <strong><a href="https://grandepremium.grandepremio.com/br/analise/f1/materias/eau-rouge-emocao-confundida-com-irresponsabilidade/" target="_blank" aria-label="undefined (opens in a new tab)" rel="noreferrer noopener">assustador acidente de Lando Norris</a></strong> com a sua McLaren na desafiadora Eau Rouge. </p>



<p class="wp-block-paragraph">Se não há um procedimento correto a ser seguido para situações como a de chuva que cercou a floresta Ardennes, como realizar um total de 22 provas no ano? E se uma situação semelhante acontecer novamente em uma das nove corridas nos próximos 11 finais de semana? Isso sem falar em temíveis casos relacionados à covid-19.&nbsp;</p>



<div class="wp-block-image"><figure class="aligncenter size-large"><img decoding="async" src="https://www.grandepremio.com/br/wp-content/uploads/2022/05/E99i3OrX0AApMsG.jpeg" alt="GP da Bélgica 2021," class="wp-image-6812" /><figcaption>Questão não era ter corrida a qualquer custo, mas ter informação e evitar o circo que foi a prova em Spa-Francorchamps (Foto: Reprodução/Twitter/@F1)</figcaption></figure></div>



<p class="wp-block-paragraph">A relargada às 13h17 se deu em regime de safety-car. Depois de quatro voltas abertas, nova bandeira vermelha, mas, desta vez, o relógio não foi paralisado. Precisamente às 13h44, já estava mais do que ridículo esperar o cronômetro zerar. Enfim a prova foi encerrada. Adiar para a segunda-feira talvez só adiasse o problema.</p>



<p class="wp-block-paragraph">Já no próximo fim de semana, a F1 desembarca em Zandvoort para o retorno do GP da Holanda, a 13ª das 22 confirmada para a temporada 2021. Com o clima parecido, a F1 estará de novo em risco? E no chuvoso novembro paulistano, com o GP São Paulo? </p>



<p class="wp-block-paragraph">O protocolo precisa ser mais bem esclarecido ou novos e irritantes atrasos vão acontecer ainda este ano.</p>



<h2 class="wp-block-heading">Leia mais:</h2>



<p class="wp-block-paragraph">+&nbsp;<strong><a href="https://grandepremium.grandepremio.com/br/lado-a-lado/f1/materias/hamilton-x-rivais-no-pos-recesso-da-formula-1-nos-ultimos-anos/" target="_blank" rel="noreferrer noopener">Hamilton x rivais no pós-recesso</a></strong></p>



<p class="wp-block-paragraph">+ <strong><a href="https://grandepremium.grandepremio.com/br/10/f1/materias/no-que-ficar-de-olho-segunda-parte-temporada-2021-da-formula-1/">No que ficar de olho na segunda parte da temporada</a></strong></p>



<figure class="wp-block-embed-spotify aligncenter wp-block-embed is-type-rich is-provider-spotify wp-embed-aspect-21-9 wp-has-aspect-ratio"><div class="wp-block-embed__wrapper">
<iframe title="Spotify Embed: Paddockast #118- O que esperar da segunda parte da temporada da Fórmula 1 2021?" style="border-radius: 12px" width="100%" height="152" frameborder="0" allowfullscreen allow="autoplay; clipboard-write; encrypted-media; fullscreen; picture-in-picture" loading="lazy" src="https://open.spotify.com/embed/episode/74d305rFLD162W9cmMAIqX?si=--nPCygyQzCdzeeA-ibnng&amp;dl_branch=1&amp;nd=1&amp;utm_source=oembed"></iframe>
</div></figure>

<p>Direção da prova em Spa-Francorchamps permitiu duas voltas atrás do safety-car, em sucessivos e irritantes adiamentos. Pilotos conquistaram metade dos pontos estabelecidos, com Verstappen a três do líder Hamilton</p>
