{"id":644,"date":"2021-06-05T11:12:35","date_gmt":"2021-06-05T14:12:35","guid":{"rendered":"https:\/\/grandepremio.com\/br\/grandepremium\/materias\/nunca-descarte-lewis-hamilton-da-briga\/"},"modified":"2022-05-19T16:41:35","modified_gmt":"2022-05-19T19:41:35","slug":"nunca-descarte-lewis-hamilton-da-briga","status":"publish","type":"42wp_premium","link":"https:\/\/grandepremio.com\/br\/grandepremium\/f1\/materias\/nunca-descarte-lewis-hamilton-da-briga\/","title":{"rendered":"Nunca descarte Lewis Hamilton da briga"},"content":{"rendered":"\n<p class=\"wp-block-paragraph\">A F\u00f3rmula 1 vive um momento \u00fanico desde o advento dos motores h\u00edbridos, em 2014: a Mercedes n\u00e3o \u00e9 mais a toda-poderosa. Ok, houve momentos em que a Ferrari emparelhou com os alem\u00e3es, mas a situa\u00e7\u00e3o de disputa atual \u00e9 in\u00e9dita nesses \u00faltimos anos &#8211; e a classifica\u00e7\u00e3o do GP do Azerbaij\u00e3o, realizada neste s\u00e1bado (5), \u00e9 mais um reflexo disso.<\/p>\n\n\n\n<p class=\"wp-block-paragraph\">Como j\u00e1 havia acontecido em M\u00f4naco, a Mercedes viu n\u00e3o s\u00f3 a Red Bull forte, como outros advers\u00e1rios babando na disputa pelas curvas e retas de Baku. Principalmente a Ferrari, mas tamb\u00e9m McLaren e at\u00e9 AlphaTauri se posicionaram bem, fazendo a diferen\u00e7a entre os carros da frente ser definida no piscar de olhos no segundo trecho da classifica\u00e7\u00e3o.<\/p>\n\n\n\n<div class=\"wp-block-image\"><figure class=\"aligncenter size-large\"><img decoding=\"async\" src=\"https:\/\/www.grandepremio.com\/br\/wp-content\/uploads\/2022\/05\/Hamilton-Azerbaijao-Credito-Twitter-Mercedes-scaled-1.jpg\" alt=\"A Mercedes mudou tudo no carro para s\u00e1bado, e Hamilton esteve em um \u00f3timo dia (Cr\u00e9dito: Twitter \/ MercedesAMGF1)\" class=\"wp-image-6353\" \/><figcaption>A Mercedes mudou tudo no carro para s\u00e1bado, e Hamilton esteve em um \u00f3timo dia (Cr\u00e9dito: Twitter \/ MercedesAMGF1)<\/figcaption><\/figure><\/div>\n\n\n\n<p class=\"wp-block-paragraph\"><strong>Conhe\u00e7a o canal do Grande Pr\u00eamio no YouTube! Clique&nbsp;<a rel=\"noreferrer noopener\" href=\"https:\/\/youtube.com\/GrandePremioTV\" target=\"_blank\">aqui<\/a>.<br>Siga o Grande Pr\u00eamio no&nbsp;<a rel=\"noreferrer noopener\" href=\"https:\/\/twitter.com\/grandepremio\" target=\"_blank\">Twitter&nbsp;<\/a>e no&nbsp;<a rel=\"noreferrer noopener\" href=\"https:\/\/instagram.com\/grandepremio\" target=\"_blank\">Instagram<\/a>!<\/strong><\/p>\n\n\n\n<p class=\"wp-block-paragraph\">Claramente os circuitos de Monte Carlo e Baku ajudaram nessa equa\u00e7\u00e3o. O que \u00e9 \u00f3timo, claro. Por outro lado, quando lembramos de bons anos da F1, invariavelmente eram disputas nas quais algumas equipes tinham bons carros para circuitos mais travados, enquanto outras se davam bem em pistas mais longas, entre outras vari\u00e1veis. <\/p>\n\n\n\n<p class=\"wp-block-paragraph\">Uma situa\u00e7\u00e3o onde um s\u00f3 time andava bem em qualquer GP, algo que quase sempre ocorreu com a Mercedes nas \u00faltimas seis temporadas, habitualmente contribui para a chatice do campeonato.<\/p>\n\n\n\n<p class=\"wp-block-paragraph\">No entanto, n\u00e3o d\u00e1 para tirar uma carta do baralho: Lewis Hamilton. Reflexo do atual momento da Mercedes, o heptacampe\u00e3o n\u00e3o estava bem no fim de semana. S\u00f3 que ele, ap\u00f3s a equipe mudar muita coisa em seu carro, despertou a partir do Q1 e, ajudado pela bandeira vermelha do Q3, conseguiu uma segunda posi\u00e7\u00e3o. Max Verstappen, l\u00edder do campeonato, larga em terceiro no grid de amanh\u00e3. <\/p>\n\n\n\n<div class=\"wp-block-image\"><figure class=\"aligncenter size-large\"><img decoding=\"async\" src=\"https:\/\/grandepremium.grandepremio.com\/br\/wp-content\/uploads\/2021\/06\/Leclerc-Ferrari-Azerbaij\u00e3o-Twitter-Ferrari-1024x683.jpg\" alt=\"Fora (por enquanto) da briga pelo t\u00edtulo, Leclerc marcou a segunda pole seguida (Cr\u00e9dito: Twitter \/ @ScuderiaFerrari)\" class=\"wp-image-6359\" \/><figcaption>Fora (por enquanto) da briga pelo t\u00edtulo, Leclerc marcou a segunda pole seguida (Cr\u00e9dito: Twitter \/ @ScuderiaFerrari)<\/figcaption><\/figure><\/div>\n\n\n\n<p class=\"wp-block-paragraph\">Na frente deles, Charles Leclerc. O monegasco pode ser sido ajudado pela bandeira vermelha no final do \u00faltimo trecho da classifica\u00e7\u00e3o, que n\u00e3o deixou os pilotos completarem uma \u00faltima volta r\u00e1pida. Mas s\u00f3 tem sorte que est\u00e1 l\u00e1 na frente para aproveitar, n\u00e3o \u00e9 mesmo?<\/p>\n\n\n\n<p class=\"wp-block-paragraph\">Tal configura\u00e7\u00e3o (principalmente entre os tr\u00eas primeiros) nos faz prever uma bela corrida amanh\u00e3, domingo. <\/p>\n\n\n\n<figure class=\"wp-block-embed-twitter aligncenter wp-block-embed is-type-rich is-provider-twitter\"><div class=\"wp-block-embed__wrapper\">\n<blockquote class=\"twitter-tweet\" data-width=\"500\" data-dnt=\"true\"><p lang=\"en\" dir=\"ltr\">\ud83c\udfc1 QUALIFYING CLASSIFICATION \ud83c\udfc1<br><br>Four different teams in the top four grid positions \ud83d\udc40<a href=\"https:\/\/x.com\/hashtag\/AzerbaijanGP?src=hash&amp;ref_src=twsrc%5Etfw\">#AzerbaijanGP<\/a> \ud83c\udde6\ud83c\uddff <a href=\"https:\/\/x.com\/hashtag\/F1?src=hash&amp;ref_src=twsrc%5Etfw\">#F1<\/a> <a href=\"https:\/\/t.co\/6spQypuepz\">pic.twitter.com\/6spQypuepz<\/a><\/p>&mdash; Formula 1 (@F1) <a href=\"https:\/\/x.com\/F1\/status\/1401170550186254337?ref_src=twsrc%5Etfw\">June 5, 2021<\/a><\/blockquote><script async src=\"https:\/\/platform.x.com\/widgets.js\" charset=\"utf-8\"><\/script>\n<\/div><\/figure>\n\n\n\n<p class=\"wp-block-paragraph\">Enquanto isso, Valtteri Bottas, na Mercedes #77, foi apenas o 10\u00ba &#8211; o que d\u00e1 uma dimens\u00e3o ainda maior para o feito de Hamilton (ou, talvez, revele ainda mais as fragilidades do finland\u00eas). <\/p>\n\n\n\n<p class=\"wp-block-paragraph\">H\u00e1, por\u00e9m, uma quest\u00e3o de Baku que precisa ser discutida. A pista de rua \u00e9 bacana, tem seu charme e trechos de alta velocidade. Mas tamb\u00e9m tem partes muito estreitas. \u00c9 legal ver o piloto no limite, sim, mas a quantidade de batidas revela que o circuito do Azerbaij\u00e3o passe um pouco do limite nesse sentido. <\/p>\n\n\n\n<div class=\"wp-block-image\"><figure class=\"aligncenter size-large\"><img decoding=\"async\" src=\"https:\/\/www.grandepremio.com\/br\/wp-content\/uploads\/2022\/05\/Tsunoda-Sainz-Azerbaijao-Credito-Twitter-F1.jpg\" alt=\"Tsunoda e Sainz fecharam a acidentada classifica\u00e7\u00e3o em Baku (Cr\u00e9dito: Twitter \/ @F1)\" class=\"wp-image-6358\" \/><figcaption>Tsunoda e Sainz fecharam a acidentada classifica\u00e7\u00e3o em Baku (Cr\u00e9dito: Twitter \/ @F1)<\/figcaption><\/figure><\/div>\n\n\n\n<p class=\"wp-block-paragraph\">N\u00e3o faz sentido botar os melhores carros e pilotos do mundo na pista para se preocuparem com um muro t\u00e3o perto. <\/p>\n\n\n\n<p class=\"wp-block-paragraph\">O resultado disso foi uma classifica\u00e7\u00e3o com quatro bandeiras vermelhas, a \u00faltima (provocada pela AlphaTauri de Yuki Tsunoda) funcionou como anticl\u00edmax do Q3. \u00c9 um ar de v\u00e1rzea para a maior categoria do automobilismo mundial. <\/p>\n\n\n\n<p class=\"wp-block-paragraph\">Que, na corrida, vejamos outro tipo de emo\u00e7\u00e3o. <\/p>\n\n\n\n<figure class=\"wp-block-embed-youtube aligncenter wp-block-embed is-type-video is-provider-youtube wp-embed-aspect-16-9 wp-has-aspect-ratio\"><div class=\"wp-block-embed__wrapper\">\n<iframe loading=\"lazy\" title=\"LECLERC \u00c9 POLE NA CLASSIFICA\u00c7\u00c3O CA\u00d3TICA DO GP DO AZERBAIJ\u00c3O DE F1 | Briefing\" width=\"500\" height=\"281\" src=\"https:\/\/www.youtube.com\/embed\/mqmjBTZFGyQ?feature=oembed\" frameborder=\"0\" allow=\"accelerometer; autoplay; clipboard-write; encrypted-media; gyroscope; picture-in-picture; web-share\" referrerpolicy=\"strict-origin-when-cross-origin\" allowfullscreen><\/iframe>\n<\/div><\/figure>\n\n\n\n<ul class=\"wp-block-list\"><li><strong>Leia tamb\u00e9m: <a aria-label=\"undefined (opens in a new tab)\" href=\"https:\/\/grandepremium.grandepremio.com\/br\/analise\/f1\/materias\/monaco-o-ponto-de-virada-do-roteiro-da-f1-2021\/\" target=\"_blank\" rel=\"noreferrer noopener\">M\u00f4naco, o ponto de virada do roteiro da F1 2021<\/a><\/strong><\/li><\/ul>\n","protected":false},"excerpt":{"rendered":"<p>Mesmo com a Mercedes sem se encontrar no GP do Azerbaij\u00e3o, o heptacampe\u00e3o se coloca \u00e0 frente de Max Verstappen<\/p>\n","protected":false},"author":0,"featured_media":1000571721,"template":"","meta":{"42wp_featured_image_caption":"","42wp_featured_image_credits":"","42wp_featured_video":"","42wp_featured_image_hidden":false,"42wp_authors_list":[],"footnotes":""},"categories":[2],"tags":[209],"42wp_author":[47127],"class_list":["post-644","42wp_premium","type-42wp_premium","status-publish","has-post-thumbnail","hentry","category-f1","tag-charles-leclerc","42wp_author-renan-martins-frade"],"_links":{"self":[{"href":"https:\/\/grandepremio.com\/br\/wp-json\/wp\/v2\/42wp_premium\/644","targetHints":{"allow":["GET"]}}],"collection":[{"href":"https:\/\/grandepremio.com\/br\/wp-json\/wp\/v2\/42wp_premium"}],"about":[{"href":"https:\/\/grandepremio.com\/br\/wp-json\/wp\/v2\/types\/42wp_premium"}],"version-history":[{"count":0,"href":"https:\/\/grandepremio.com\/br\/wp-json\/wp\/v2\/42wp_premium\/644\/revisions"}],"wp:featuredmedia":[{"embeddable":true,"href":"https:\/\/grandepremio.com\/br\/wp-json\/wp\/v2\/media\/1000571721"}],"wp:attachment":[{"href":"https:\/\/grandepremio.com\/br\/wp-json\/wp\/v2\/media?parent=644"}],"wp:term":[{"taxonomy":"category","embeddable":true,"href":"https:\/\/grandepremio.com\/br\/wp-json\/wp\/v2\/categories?post=644"},{"taxonomy":"post_tag","embeddable":true,"href":"https:\/\/grandepremio.com\/br\/wp-json\/wp\/v2\/tags?post=644"},{"taxonomy":"42wp_author","embeddable":true,"href":"https:\/\/grandepremio.com\/br\/wp-json\/wp\/v2\/42wp_author?post=644"}],"curies":[{"name":"wp","href":"https:\/\/api.w.org\/{rel}","templated":true}]}}

<p class="wp-block-paragraph">A Fórmula 1 vive um momento único desde o advento dos motores híbridos, em 2014: a Mercedes não é mais a toda-poderosa. Ok, houve momentos em que a Ferrari emparelhou com os alemães, mas a situação de disputa atual é inédita nesses últimos anos &#8211; e a classificação do GP do Azerbaijão, realizada neste sábado (5), é mais um reflexo disso.</p>



<p class="wp-block-paragraph">Como já havia acontecido em Mônaco, a Mercedes viu não só a Red Bull forte, como outros adversários babando na disputa pelas curvas e retas de Baku. Principalmente a Ferrari, mas também McLaren e até AlphaTauri se posicionaram bem, fazendo a diferença entre os carros da frente ser definida no piscar de olhos no segundo trecho da classificação.</p>



<div class="wp-block-image"><figure class="aligncenter size-large"><img decoding="async" src="https://www.grandepremio.com/br/wp-content/uploads/2022/05/Hamilton-Azerbaijao-Credito-Twitter-Mercedes-scaled-1.jpg" alt="A Mercedes mudou tudo no carro para sábado, e Hamilton esteve em um ótimo dia (Crédito: Twitter / MercedesAMGF1)" class="wp-image-6353" /><figcaption>A Mercedes mudou tudo no carro para sábado, e Hamilton esteve em um ótimo dia (Crédito: Twitter / MercedesAMGF1)</figcaption></figure></div>



<p class="wp-block-paragraph"><strong>Conheça o canal do Grande Prêmio no YouTube! Clique&nbsp;<a rel="noreferrer noopener" href="https://youtube.com/GrandePremioTV" target="_blank">aqui</a>.<br>Siga o Grande Prêmio no&nbsp;<a rel="noreferrer noopener" href="https://twitter.com/grandepremio" target="_blank">Twitter&nbsp;</a>e no&nbsp;<a rel="noreferrer noopener" href="https://instagram.com/grandepremio" target="_blank">Instagram</a>!</strong></p>



<p class="wp-block-paragraph">Claramente os circuitos de Monte Carlo e Baku ajudaram nessa equação. O que é ótimo, claro. Por outro lado, quando lembramos de bons anos da F1, invariavelmente eram disputas nas quais algumas equipes tinham bons carros para circuitos mais travados, enquanto outras se davam bem em pistas mais longas, entre outras variáveis. </p>



<p class="wp-block-paragraph">Uma situação onde um só time andava bem em qualquer GP, algo que quase sempre ocorreu com a Mercedes nas últimas seis temporadas, habitualmente contribui para a chatice do campeonato.</p>



<p class="wp-block-paragraph">No entanto, não dá para tirar uma carta do baralho: Lewis Hamilton. Reflexo do atual momento da Mercedes, o heptacampeão não estava bem no fim de semana. Só que ele, após a equipe mudar muita coisa em seu carro, despertou a partir do Q1 e, ajudado pela bandeira vermelha do Q3, conseguiu uma segunda posição. Max Verstappen, líder do campeonato, larga em terceiro no grid de amanhã. </p>



<div class="wp-block-image"><figure class="aligncenter size-large"><img decoding="async" src="https://grandepremium.grandepremio.com/br/wp-content/uploads/2021/06/Leclerc-Ferrari-Azerbaijão-Twitter-Ferrari-1024x683.jpg" alt="Fora (por enquanto) da briga pelo título, Leclerc marcou a segunda pole seguida (Crédito: Twitter / @ScuderiaFerrari)" class="wp-image-6359" /><figcaption>Fora (por enquanto) da briga pelo título, Leclerc marcou a segunda pole seguida (Crédito: Twitter / @ScuderiaFerrari)</figcaption></figure></div>



<p class="wp-block-paragraph">Na frente deles, Charles Leclerc. O monegasco pode ser sido ajudado pela bandeira vermelha no final do último trecho da classificação, que não deixou os pilotos completarem uma última volta rápida. Mas só tem sorte que está lá na frente para aproveitar, não é mesmo?</p>



<p class="wp-block-paragraph">Tal configuração (principalmente entre os três primeiros) nos faz prever uma bela corrida amanhã, domingo. </p>



<figure class="wp-block-embed-twitter aligncenter wp-block-embed is-type-rich is-provider-twitter"><div class="wp-block-embed__wrapper">
<blockquote class="twitter-tweet" data-width="500" data-dnt="true"><p lang="en" dir="ltr">🏁 QUALIFYING CLASSIFICATION 🏁<br><br>Four different teams in the top four grid positions 👀<a href="https://x.com/hashtag/AzerbaijanGP?src=hash&amp;ref_src=twsrc%5Etfw">#AzerbaijanGP</a> 🇦🇿 <a href="https://x.com/hashtag/F1?src=hash&amp;ref_src=twsrc%5Etfw">#F1</a> <a href="https://t.co/6spQypuepz">pic.twitter.com/6spQypuepz</a></p>&mdash; Formula 1 (@F1) <a href="https://x.com/F1/status/1401170550186254337?ref_src=twsrc%5Etfw">June 5, 2021</a></blockquote><script async src="https://platform.x.com/widgets.js" charset="utf-8"></script>
</div></figure>



<p class="wp-block-paragraph">Enquanto isso, Valtteri Bottas, na Mercedes #77, foi apenas o 10º &#8211; o que dá uma dimensão ainda maior para o feito de Hamilton (ou, talvez, revele ainda mais as fragilidades do finlandês). </p>



<p class="wp-block-paragraph">Há, porém, uma questão de Baku que precisa ser discutida. A pista de rua é bacana, tem seu charme e trechos de alta velocidade. Mas também tem partes muito estreitas. É legal ver o piloto no limite, sim, mas a quantidade de batidas revela que o circuito do Azerbaijão passe um pouco do limite nesse sentido. </p>



<div class="wp-block-image"><figure class="aligncenter size-large"><img decoding="async" src="https://www.grandepremio.com/br/wp-content/uploads/2022/05/Tsunoda-Sainz-Azerbaijao-Credito-Twitter-F1.jpg" alt="Tsunoda e Sainz fecharam a acidentada classificação em Baku (Crédito: Twitter / @F1)" class="wp-image-6358" /><figcaption>Tsunoda e Sainz fecharam a acidentada classificação em Baku (Crédito: Twitter / @F1)</figcaption></figure></div>



<p class="wp-block-paragraph">Não faz sentido botar os melhores carros e pilotos do mundo na pista para se preocuparem com um muro tão perto. </p>



<p class="wp-block-paragraph">O resultado disso foi uma classificação com quatro bandeiras vermelhas, a última (provocada pela AlphaTauri de Yuki Tsunoda) funcionou como anticlímax do Q3. É um ar de várzea para a maior categoria do automobilismo mundial. </p>



<p class="wp-block-paragraph">Que, na corrida, vejamos outro tipo de emoção. </p>



<figure class="wp-block-embed-youtube aligncenter wp-block-embed is-type-video is-provider-youtube wp-embed-aspect-16-9 wp-has-aspect-ratio"><div class="wp-block-embed__wrapper">
<iframe loading="lazy" title="LECLERC É POLE NA CLASSIFICAÇÃO CAÓTICA DO GP DO AZERBAIJÃO DE F1 | Briefing" width="500" height="281" src="https://www.youtube.com/embed/mqmjBTZFGyQ?feature=oembed" frameborder="0" allow="accelerometer; autoplay; clipboard-write; encrypted-media; gyroscope; picture-in-picture; web-share" referrerpolicy="strict-origin-when-cross-origin" allowfullscreen></iframe>
</div></figure>



<ul class="wp-block-list"><li><strong>Leia também: <a aria-label="undefined (opens in a new tab)" href="https://grandepremium.grandepremio.com/br/analise/f1/materias/monaco-o-ponto-de-virada-do-roteiro-da-f1-2021/" target="_blank" rel="noreferrer noopener">Mônaco, o ponto de virada do roteiro da F1 2021</a></strong></li></ul>

<p>Mesmo com a Mercedes sem se encontrar no GP do Azerbaijão, o heptacampeão se coloca à frente de Max Verstappen</p>
