{"id":652,"date":"2021-05-22T11:49:43","date_gmt":"2021-05-22T14:49:43","guid":{"rendered":"https:\/\/grandepremio.com\/br\/grandepremium\/materias\/batida-de-leclerc-foi-boa-para-verstappen-no-gp-de-monaco\/"},"modified":"2022-05-19T16:42:58","modified_gmt":"2022-05-19T19:42:58","slug":"batida-de-leclerc-foi-boa-para-verstappen-no-gp-de-monaco","status":"publish","type":"42wp_premium","link":"https:\/\/grandepremio.com\/br\/grandepremium\/f1\/materias\/batida-de-leclerc-foi-boa-para-verstappen-no-gp-de-monaco\/","title":{"rendered":"Batida de Leclerc foi boa para Verstappen no GP de M\u00f4naco"},"content":{"rendered":"\n<figure class=\"wp-block-embed-youtube aligncenter wp-block-embed is-type-video is-provider-youtube wp-embed-aspect-16-9 wp-has-aspect-ratio\"><div class=\"wp-block-embed__wrapper\">\n<iframe loading=\"lazy\" title=\"F1 2021: LECLERC NA POLE EM M\u00d4NACO BATENDO (COPIANDO SCHUMACHER?)| Briefing\" width=\"500\" height=\"281\" src=\"https:\/\/www.youtube.com\/embed\/12bs8dENeqY?feature=oembed\" frameborder=\"0\" allow=\"accelerometer; autoplay; clipboard-write; encrypted-media; gyroscope; picture-in-picture; web-share\" referrerpolicy=\"strict-origin-when-cross-origin\" allowfullscreen><\/iframe>\n<\/div><\/figure>\n\n\n\n<p class=\"wp-block-paragraph\">Max Verstappen evidentemente queria a pole-position para o GP de M\u00f4naco de F\u00f3rmula 1. Em um primeiro momento, \u00e9 at\u00e9 compreens\u00edvel que o piloto da Red Bull tenha ficado chateado com a batida de Charles Leclerc, da Ferrari, que <strong><a aria-label=\"undefined (opens in a new tab)\" href=\"https:\/\/www.grandepremio.com\/br\/f1\/noticias\/charles-leclerc-destroi-ferrari-no-guard-rail-mas-garante-pole-do-gp-de-monaco\/\" target=\"_blank\" rel=\"noreferrer noopener\">encerrou o classificat\u00f3rio deste s\u00e1bado (22) mais cedo<\/a><\/strong>. Uma r\u00e1pida olhada para o grid, no entanto, pode deixar o holand\u00eas mais animado apesar do monegasco ainda ser o primeiro. Rival na luta pelo t\u00edtulo, Lewis Hamilton, de Mercedes, \u00e9 apenas o s\u00e9timo colocado.\u00a0<\/p>\n\n\n\n<p class=\"wp-block-paragraph\">A largada para a quinta etapa do Mundial acontece neste domingo, a partir das 10 horas (de Bras\u00edlia), com <strong><a href=\"https:\/\/www.grandepremio.com\/br\/ao-vivo\/f1\/gp-de-monaco-de-f1-2021-classificacao-ao-vivo\/\" target=\"_blank\" aria-label=\"undefined (opens in a new tab)\" rel=\"noreferrer noopener\">ao vivo e tempo real<\/a><\/strong> do <strong>GRANDE PR\u00caMIO<\/strong>.&nbsp;<\/p>\n\n\n\n<figure class=\"wp-block-embed-twitter aligncenter wp-block-embed is-type-rich is-provider-twitter\"><div class=\"wp-block-embed__wrapper\">\n<blockquote class=\"twitter-tweet\" data-width=\"500\" data-dnt=\"true\"><p lang=\"en\" dir=\"ltr\">What just happened..???!<br><br>Charles Leclerc has his 8th pole position; and his and Ferrari&#39;s first since Mexico 2019<br><br>Championship leader Lewis Hamilton will start 7th <a href=\"https:\/\/x.com\/hashtag\/MonacoGP?src=hash&amp;ref_src=twsrc%5Etfw\">#MonacoGP<\/a> \ud83c\uddf2\ud83c\udde8 <a href=\"https:\/\/x.com\/hashtag\/F1?src=hash&amp;ref_src=twsrc%5Etfw\">#F1<\/a> <a href=\"https:\/\/t.co\/Jcjy4WvZE2\">pic.twitter.com\/Jcjy4WvZE2<\/a><\/p>&mdash; Formula 1 (@F1) <a href=\"https:\/\/x.com\/F1\/status\/1396106972706000898?ref_src=twsrc%5Etfw\">May 22, 2021<\/a><\/blockquote><script async src=\"https:\/\/platform.x.com\/widgets.js\" charset=\"utf-8\"><\/script>\n<\/div><\/figure>\n\n\n\n<p class=\"wp-block-paragraph\">Como qualquer pontinho vale na conta final de um campeonato que promete ser equilibrado at\u00e9 a corrida derradeira, Verstappen pode olhar com maior carinho para a grelha de classifica\u00e7\u00e3o. Em uma pista de rua, apertada que s\u00f3 como em Monte Carlo, n\u00e3o \u00e9 dif\u00edcil de imaginar que as posi\u00e7\u00f5es finais da corrida fiquem por a\u00ed. Tampouco pode se duvidar de Hamilton, \u00e9 verdade, mas, neste momento, a vantagem de 14 pontos na lideran\u00e7a cairia apenas para dois.\u00a0<\/p>\n\n\n\n<p class=\"wp-block-paragraph\">Tanto Verstappen, quanto o pr\u00f3prio Hamilton, estavam em voltas voadoras no minuto final do Q3 e tinham enormes chances de melhorar suas classifica\u00e7\u00f5es. O dono da casa, como se n\u00e3o conhecesse o tra\u00e7ado, bateu no segundo S da Piscina e provocou a bandeira vermelha, encerrando o treino mais cedo para todo o mundo. Al\u00e9m disso, ele j\u00e1 deu trabalho para os mec\u00e2nicos que v\u00e3o precisar consertar o carro e, quem sabe at\u00e9, n\u00e3o precisem mudar pe\u00e7as que fa\u00e7a o piloto perder a pole.\u00a0<\/p>\n\n\n\n<p class=\"wp-block-paragraph\">\u201cEstava tudo indo muito bem. A bandeira vermelha arruinou a nossa chance de pole. Mesmo assim, acho que est\u00e1 sendo um bom fim de semana\u201d, disse Verstappen, come\u00e7ando a tomar conhecimento de que a situa\u00e7\u00e3o talvez n\u00e3o fosse de tudo ruim realmente.<\/p>\n\n\n\n<div class=\"wp-block-image\"><figure class=\"aligncenter size-large\"><img decoding=\"async\" src=\"https:\/\/www.grandepremio.com\/br\/wp-content\/uploads\/2022\/05\/21029-scuderia-ferrari-monaco-gp-thursday-1.jpg\" alt=\"Charles Leclerc, Ferrari, GP de M\u00f4naco 2021,\" class=\"wp-image-6267\" \/><figcaption>Leclerc nem parecia local em Monte Carlo ao bater no muro (Foto: Divulga\u00e7\u00e3o\/Ferrari)<\/figcaption><\/figure><\/div>\n\n\n\n<p class=\"wp-block-paragraph\"><strong>Conhe\u00e7a o canal do Grande Pr\u00eamio no YouTube! Clique&nbsp;<a rel=\"noreferrer noopener\" href=\"https:\/\/youtube.com\/GrandePremioTV\" target=\"_blank\">aqui<\/a>.<br>Siga o Grande Pr\u00eamio no&nbsp;<a rel=\"noreferrer noopener\" href=\"https:\/\/twitter.com\/grandepremio\" target=\"_blank\">Twitter&nbsp;<\/a>e no&nbsp;<a rel=\"noreferrer noopener\" href=\"https:\/\/instagram.com\/grandepremio\" target=\"_blank\">Instagram<\/a>!<\/strong><\/p>\n\n\n\n<p class=\"wp-block-paragraph\">Ainda no carro, logo quando foi informado da bandeira vermelha e teve de abortar a volta, o #33 soltou os piores palavr\u00f5es e se disse irritado com a situa\u00e7\u00e3o. Natural para um competidor de alto n\u00edvel. Nem quando o engenheiro comunicou a posi\u00e7\u00e3o do rival Hamilton, ele conseguiu sossegar.<\/p>\n\n\n\n<p class=\"wp-block-paragraph\">Do outro lado, um pole envergonhado, Leclerc disse que n\u00e3o queria terminar a classifica\u00e7\u00e3o no muro. De qualquer forma, merece celebrar a primeira pole da Ferrari em 25 corridas, j\u00e1 que n\u00e3o estava nessa posi\u00e7\u00e3o desde o GP do M\u00e9xico 2019.&nbsp;<\/p>\n\n\n\n<figure class=\"wp-block-video aligncenter\"><video class=\"video-js vjs-big-play-centered\" data-gp-vjs=\"1\" controls src=\"https:\/\/www.grandepremio.com\/br\/wp-content\/uploads\/2021\/05\/Monaco_Verstappen.mp4\"><\/video><figcaption>Verstappen se desespera e xinga no r\u00e1dio ao saber da bandeira vermelha<\/figcaption><\/figure>\n\n\n\n<p class=\"wp-block-paragraph\">\u201cN\u00e3o \u00e9 a mesma sensa\u00e7\u00e3o [terminar no muro e ver a bandeirada]. Ao mesmo tempo, estou incrivelmente feliz com a minha volta anterior. Apenas preocupado com a caixa de c\u00e2mbio\u201d, revelou Leclerc.<\/p>\n\n\n\n<p class=\"wp-block-paragraph\">Se a Ferrari pode comemorar a pole com Leclerc, precisa mesmo lamentar a quarta posi\u00e7\u00e3o de Carlos Sainz Jr. Evidentemente que \u00e9 uma \u00f3tima coloca\u00e7\u00e3o de grid, mas o espanhol j\u00e1 havia demonstrado nos treinos livres que poderia render mais. Ele ficou com o segundo melhor tempo nas tr\u00eas atividades antes do classificat\u00f3rio, \u00e0 frente at\u00e9 de Leclerc.<\/p>\n\n\n\n<h2 class=\"wp-block-heading\">Leia mais:<\/h2>\n\n\n\n<p class=\"wp-block-paragraph\">+ <strong><a href=\"https:\/\/grandepremium.grandepremio.com\/br\/lado-a-lado\/f1\/materias\/ayrton-senna-lewis-hamilton-ruas-monaco\/\" target=\"_blank\" aria-label=\"undefined (opens in a new tab)\" rel=\"noreferrer noopener\">Senna x Hamilton nas ruas de Monte Carlos<\/a><\/strong><\/p>\n\n\n\n<p class=\"wp-block-paragraph\">+ <strong><a href=\"https:\/\/grandepremium.grandepremio.com\/br\/10\/f1\/materias\/grandes-corridas-completas-para-assistir-no-f1-tv\/\" target=\"_blank\" aria-label=\"undefined (opens in a new tab)\" rel=\"noreferrer noopener\">Grandes corridas para ver na F1 TV<\/a><\/strong><\/p>\n","protected":false},"excerpt":{"rendered":"<p>N\u00e3o se pode duvidar da capacidade de Hamilton mesmo largando em 7\u00ba, mas, se mantidas as posi\u00e7\u00f5es de largada, vantagem do ingl\u00eas para o holand\u00eas cairia para apenas dois pontos, na quinta etapa do Mundial de F\u00f3rmula 1<\/p>\n","protected":false},"author":0,"featured_media":1000571730,"template":"","meta":{"42wp_featured_image_caption":"","42wp_featured_image_credits":"","42wp_featured_video":"","42wp_featured_image_hidden":false,"42wp_authors_list":[],"footnotes":""},"categories":[2],"tags":[],"42wp_author":[47126],"class_list":["post-652","42wp_premium","type-42wp_premium","status-publish","has-post-thumbnail","hentry","category-f1","42wp_author-andre-avelar"],"_links":{"self":[{"href":"https:\/\/grandepremio.com\/br\/wp-json\/wp\/v2\/42wp_premium\/652","targetHints":{"allow":["GET"]}}],"collection":[{"href":"https:\/\/grandepremio.com\/br\/wp-json\/wp\/v2\/42wp_premium"}],"about":[{"href":"https:\/\/grandepremio.com\/br\/wp-json\/wp\/v2\/types\/42wp_premium"}],"version-history":[{"count":0,"href":"https:\/\/grandepremio.com\/br\/wp-json\/wp\/v2\/42wp_premium\/652\/revisions"}],"wp:featuredmedia":[{"embeddable":true,"href":"https:\/\/grandepremio.com\/br\/wp-json\/wp\/v2\/media\/1000571730"}],"wp:attachment":[{"href":"https:\/\/grandepremio.com\/br\/wp-json\/wp\/v2\/media?parent=652"}],"wp:term":[{"taxonomy":"category","embeddable":true,"href":"https:\/\/grandepremio.com\/br\/wp-json\/wp\/v2\/categories?post=652"},{"taxonomy":"post_tag","embeddable":true,"href":"https:\/\/grandepremio.com\/br\/wp-json\/wp\/v2\/tags?post=652"},{"taxonomy":"42wp_author","embeddable":true,"href":"https:\/\/grandepremio.com\/br\/wp-json\/wp\/v2\/42wp_author?post=652"}],"curies":[{"name":"wp","href":"https:\/\/api.w.org\/{rel}","templated":true}]}}

Batida de Leclerc foi boa para Verstappen no GP de Mônaco

<figure class="wp-block-embed-youtube aligncenter wp-block-embed is-type-video is-provider-youtube wp-embed-aspect-16-9 wp-has-aspect-ratio"><div class="wp-block-embed__wrapper">
<iframe loading="lazy" title="F1 2021: LECLERC NA POLE EM MÔNACO BATENDO (COPIANDO SCHUMACHER?)| Briefing" width="500" height="281" src="https://www.youtube.com/embed/12bs8dENeqY?feature=oembed" frameborder="0" allow="accelerometer; autoplay; clipboard-write; encrypted-media; gyroscope; picture-in-picture; web-share" referrerpolicy="strict-origin-when-cross-origin" allowfullscreen></iframe>
</div></figure>



<p class="wp-block-paragraph">Max Verstappen evidentemente queria a pole-position para o GP de Mônaco de Fórmula 1. Em um primeiro momento, é até compreensível que o piloto da Red Bull tenha ficado chateado com a batida de Charles Leclerc, da Ferrari, que <strong><a aria-label="undefined (opens in a new tab)" href="https://www.grandepremio.com/br/f1/noticias/charles-leclerc-destroi-ferrari-no-guard-rail-mas-garante-pole-do-gp-de-monaco/" target="_blank" rel="noreferrer noopener">encerrou o classificatório deste sábado (22) mais cedo</a></strong>. Uma rápida olhada para o grid, no entanto, pode deixar o holandês mais animado apesar do monegasco ainda ser o primeiro. Rival na luta pelo título, Lewis Hamilton, de Mercedes, é apenas o sétimo colocado. </p>



<p class="wp-block-paragraph">A largada para a quinta etapa do Mundial acontece neste domingo, a partir das 10 horas (de Brasília), com <strong><a href="https://www.grandepremio.com/br/ao-vivo/f1/gp-de-monaco-de-f1-2021-classificacao-ao-vivo/" target="_blank" aria-label="undefined (opens in a new tab)" rel="noreferrer noopener">ao vivo e tempo real</a></strong> do <strong>GRANDE PRÊMIO</strong>.&nbsp;</p>



<figure class="wp-block-embed-twitter aligncenter wp-block-embed is-type-rich is-provider-twitter"><div class="wp-block-embed__wrapper">
<blockquote class="twitter-tweet" data-width="500" data-dnt="true"><p lang="en" dir="ltr">What just happened..???!<br><br>Charles Leclerc has his 8th pole position; and his and Ferrari&#39;s first since Mexico 2019<br><br>Championship leader Lewis Hamilton will start 7th <a href="https://x.com/hashtag/MonacoGP?src=hash&amp;ref_src=twsrc%5Etfw">#MonacoGP</a> 🇲🇨 <a href="https://x.com/hashtag/F1?src=hash&amp;ref_src=twsrc%5Etfw">#F1</a> <a href="https://t.co/Jcjy4WvZE2">pic.twitter.com/Jcjy4WvZE2</a></p>&mdash; Formula 1 (@F1) <a href="https://x.com/F1/status/1396106972706000898?ref_src=twsrc%5Etfw">May 22, 2021</a></blockquote><script async src="https://platform.x.com/widgets.js" charset="utf-8"></script>
</div></figure>



<p class="wp-block-paragraph">Como qualquer pontinho vale na conta final de um campeonato que promete ser equilibrado até a corrida derradeira, Verstappen pode olhar com maior carinho para a grelha de classificação. Em uma pista de rua, apertada que só como em Monte Carlo, não é difícil de imaginar que as posições finais da corrida fiquem por aí. Tampouco pode se duvidar de Hamilton, é verdade, mas, neste momento, a vantagem de 14 pontos na liderança cairia apenas para dois. </p>



<p class="wp-block-paragraph">Tanto Verstappen, quanto o próprio Hamilton, estavam em voltas voadoras no minuto final do Q3 e tinham enormes chances de melhorar suas classificações. O dono da casa, como se não conhecesse o traçado, bateu no segundo S da Piscina e provocou a bandeira vermelha, encerrando o treino mais cedo para todo o mundo. Além disso, ele já deu trabalho para os mecânicos que vão precisar consertar o carro e, quem sabe até, não precisem mudar peças que faça o piloto perder a pole. </p>



<p class="wp-block-paragraph">“Estava tudo indo muito bem. A bandeira vermelha arruinou a nossa chance de pole. Mesmo assim, acho que está sendo um bom fim de semana”, disse Verstappen, começando a tomar conhecimento de que a situação talvez não fosse de tudo ruim realmente.</p>



<div class="wp-block-image"><figure class="aligncenter size-large"><img decoding="async" src="https://www.grandepremio.com/br/wp-content/uploads/2022/05/21029-scuderia-ferrari-monaco-gp-thursday-1.jpg" alt="Charles Leclerc, Ferrari, GP de Mônaco 2021," class="wp-image-6267" /><figcaption>Leclerc nem parecia local em Monte Carlo ao bater no muro (Foto: Divulgação/Ferrari)</figcaption></figure></div>



<p class="wp-block-paragraph"><strong>Conheça o canal do Grande Prêmio no YouTube! Clique&nbsp;<a rel="noreferrer noopener" href="https://youtube.com/GrandePremioTV" target="_blank">aqui</a>.<br>Siga o Grande Prêmio no&nbsp;<a rel="noreferrer noopener" href="https://twitter.com/grandepremio" target="_blank">Twitter&nbsp;</a>e no&nbsp;<a rel="noreferrer noopener" href="https://instagram.com/grandepremio" target="_blank">Instagram</a>!</strong></p>



<p class="wp-block-paragraph">Ainda no carro, logo quando foi informado da bandeira vermelha e teve de abortar a volta, o #33 soltou os piores palavrões e se disse irritado com a situação. Natural para um competidor de alto nível. Nem quando o engenheiro comunicou a posição do rival Hamilton, ele conseguiu sossegar.</p>



<p class="wp-block-paragraph">Do outro lado, um pole envergonhado, Leclerc disse que não queria terminar a classificação no muro. De qualquer forma, merece celebrar a primeira pole da Ferrari em 25 corridas, já que não estava nessa posição desde o GP do México 2019.&nbsp;</p>



<figure class="wp-block-video aligncenter"><video class="video-js vjs-big-play-centered" data-gp-vjs="1" controls src="https://www.grandepremio.com/br/wp-content/uploads/2021/05/Monaco_Verstappen.mp4"></video><figcaption>Verstappen se desespera e xinga no rádio ao saber da bandeira vermelha</figcaption></figure>



<p class="wp-block-paragraph">“Não é a mesma sensação [terminar no muro e ver a bandeirada]. Ao mesmo tempo, estou incrivelmente feliz com a minha volta anterior. Apenas preocupado com a caixa de câmbio”, revelou Leclerc.</p>



<p class="wp-block-paragraph">Se a Ferrari pode comemorar a pole com Leclerc, precisa mesmo lamentar a quarta posição de Carlos Sainz Jr. Evidentemente que é uma ótima colocação de grid, mas o espanhol já havia demonstrado nos treinos livres que poderia render mais. Ele ficou com o segundo melhor tempo nas três atividades antes do classificatório, à frente até de Leclerc.</p>



<h2 class="wp-block-heading">Leia mais:</h2>



<p class="wp-block-paragraph">+ <strong><a href="https://grandepremium.grandepremio.com/br/lado-a-lado/f1/materias/ayrton-senna-lewis-hamilton-ruas-monaco/" target="_blank" aria-label="undefined (opens in a new tab)" rel="noreferrer noopener">Senna x Hamilton nas ruas de Monte Carlos</a></strong></p>



<p class="wp-block-paragraph">+ <strong><a href="https://grandepremium.grandepremio.com/br/10/f1/materias/grandes-corridas-completas-para-assistir-no-f1-tv/" target="_blank" aria-label="undefined (opens in a new tab)" rel="noreferrer noopener">Grandes corridas para ver na F1 TV</a></strong></p>

<p>Não se pode duvidar da capacidade de Hamilton mesmo largando em 7º, mas, se mantidas as posições de largada, vantagem do inglês para o holandês cairia para apenas dois pontos, na quinta etapa do Mundial de Fórmula 1</p>
