{"id":830,"date":"2020-08-10T06:00:00","date_gmt":"2020-08-10T09:00:00","guid":{"rendered":"https:\/\/grandepremio.com\/br\/grandepremium\/materias\/o-curioso-caso-da-racing-point\/"},"modified":"2022-05-19T17:07:12","modified_gmt":"2022-05-19T20:07:12","slug":"o-curioso-caso-da-racing-point","status":"publish","type":"42wp_premium","link":"https:\/\/grandepremio.com\/br\/grandepremium\/f1\/materias\/o-curioso-caso-da-racing-point\/","title":{"rendered":"O curioso caso da Racing Point"},"content":{"rendered":"\n<p class=\"wp-block-paragraph\">N\u00e3o \u00e9 segredo para ningu\u00e9m: a Racing Point tem um dos grandes carros da temporada 2020 da F\u00f3rmula 1. Com uma ampla, digamos assim, inspira\u00e7\u00e3o na Mercedes &#8211; al\u00e9m das unidades de pot\u00eancia da marca da estrela das tr\u00eas pontas -, o time ingl\u00eas teria tudo para ser uma das grandes for\u00e7as do campeonato. Teria. Passadas cinco etapas do campeonato, fica a impress\u00e3o de que o time est\u00e1 entregando menos do que o seu potencial.<\/p>\n\n\n\n<p class=\"wp-block-paragraph\">O GP dos 70 Anos, que aconteceu ontem (9) em Silverstone, Inglaterra, \u00e9 bem sintom\u00e1tico desse quadro, diga-se.<\/p>\n\n\n\n<p class=\"wp-block-paragraph\">Para come\u00e7ar, um dos pilotos titulares nem foi para a pista, pela segunda vez seguida. Sergio P\u00e9rez, em um momento de pandemia mundial e no qual todos os cuidados s\u00e3o necess\u00e1rios, desafiou o tal do protocolo e acabou testando positivo para a covid-19 antes do GP da Inglaterra, a quarta etapa do mundial. <\/p>\n\n\n\n<p class=\"wp-block-paragraph\">Em um campeonato onde o mexicano teria a oportunidade de lutar pelo posto de melhor pela &#8220;F\u00f3rmula 1B&#8221;, Checo deu uma grande mancada &#8211; e coloca em cheque o futuro dele na categoria, mesmo tendo contrato para 2021. <\/p>\n\n\n\n<p class=\"wp-block-paragraph\">Ao substituto de P\u00e9rez, Nico H\u00fclkenberg, pesa o fato dele n\u00e3o ter disputado as primeiras etapas da temporada, e por n\u00e3o conhecer (t\u00e3o) bem o carro &#8211; ele pilotou pela \u00faltima vez para a ent\u00e3o Force India em 2016. Para piorar, veio o problema antes da largada na semana passada, no GP da Inglaterra, o que tirou o piloto da corrida.<\/p>\n\n\n\n<figure class=\"wp-block-image size-large\"><img decoding=\"async\" src=\"https:\/\/grandepremium.com.br\/wp-content\/uploads\/2020\/08\/RGP5-1024x683.jpg\" alt=\"\" class=\"wp-image-3885\" \/><figcaption>Nico H\u00fclkenberg tem o desconto de ter voltado \u00e0 F1 h\u00e1 cerca de dez dias (Foto: Racing Point)<\/figcaption><\/figure>\n\n\n\n<p class=\"wp-block-paragraph\">Hulk fez bonito na classifica\u00e7\u00e3o do GP dos 70 Anos, \u00e9 verdade. Terceiro tempo, atr\u00e1s apenas do &#8220;modo festa&#8221; das Flechas Negras da Mercedes. Por\u00e9m, ap\u00f3s a largada, o alem\u00e3o foi, aos poucos, perdendo espa\u00e7o na prova. Por fim, bolhas nos pneus o fizeram realizar uma terceira parada nos boxes &#8211; e a fechar o GP em s\u00e9timo.<\/p>\n\n\n\n<p class=\"wp-block-paragraph\">Muito pouco para quem tinha esperan\u00e7as de p\u00f3dio.<\/p>\n\n\n\n<p class=\"wp-block-paragraph\">No caso de Lance Stroll, o canadense cresceu muito entre 2019 e 2020. O piloto vem errando menos e tendo corridas mais consistentes, \u00e9 verdade, mas tamb\u00e9m est\u00e1 muito longe de tirar todo o desempenho do RP20. \u00c9 muito pouco para um carro que \u00e9 quase que uma Mercedes rosa.<\/p>\n\n\n\n<p class=\"wp-block-paragraph\">Se eu n\u00e3o soubesse, diria que ele est\u00e1 l\u00e1 apenas porque \u00e9 filho do dono. <\/p>\n\n\n\n<p class=\"wp-block-paragraph\">Com tudo isso, a Racing Point \u00e9 apenas a quinta no Mundial de Construtores, com 41 pontos. Ok, o time perdeu 15 pontos pela puni\u00e7\u00e3o da FIA &#8211; pela c\u00f3pia dos dutos de freio da Mercedes W10. Por\u00e9m, sem isso, a equipe teria 56 pontos, um a mais que a terceira colocada, a Ferrari &#8211; que vive uma temporada para esquecer. <\/p>\n\n\n\n<p class=\"wp-block-paragraph\">O cen\u00e1rio \u00e9 ainda pior no Mundial de Pilotos. Tantas idas e vindas entre P\u00e9rez e H\u00fclkenberg colocou os pilotos, respectivamente, em oitavo e 14\u00ba no campeonato. Stroll \u00e9 s\u00e9timo. <\/p>\n\n\n\n<p class=\"wp-block-paragraph\">A d\u00favida \u00e9: ser\u00e1 que um piloto mais r\u00e1pido, com tempo atr\u00e1s do volante e empenho, poderia conquistar resultados melhores? \u00c9 poss\u00edvel que sim.<\/p>\n\n\n\n<figure class=\"wp-block-image size-large\"><img decoding=\"async\" src=\"https:\/\/grandepremium.com.br\/wp-content\/uploads\/2020\/08\/Vettel-GP-dos-70-Anos-credito-Ferrari-Twitter-1024x683.jpg\" alt=\"\" class=\"wp-image-3924\" \/><figcaption>Vettel, cotado para um lugar na Racing Point em 2021, vem tendo um 2020 para esquecer (Foto: Twitter \/ Ferrari)<\/figcaption><\/figure>\n\n\n\n<p class=\"wp-block-paragraph\">Nem mesmo um dos cotados a substituir P\u00e9rez em 2021 parece ter melhor sorte. Sebastian Vettel vem de desempenhos abaixo da m\u00e9dia, discutindo com a equipe pelo r\u00e1dio e mostrando que a motiva\u00e7\u00e3o ficou em 2019. No GP dos 70 Anos, o alem\u00e3o foi apenas o 12\u00ba na classifica\u00e7\u00e3o, largando em 11\u00ba. Fechou o GP em 12\u00ba. <\/p>\n\n\n\n<p class=\"wp-block-paragraph\">No Mundial de Pilotos, Vettel \u00e9 apenas 13\u00ba &#8211; com dez pontos. Enquanto isso, o companheiro dele, Charles Leclerc, foi o quarto na \u00faltima corrida em Silverstone. No campeonato, tamb\u00e9m \u00e9 quarto &#8211; salvando a Ferrari de uma decep\u00e7\u00e3o ainda maior.<\/p>\n\n\n\n<p class=\"wp-block-paragraph\">Para 2021, a Racing Point provavelmente ter\u00e1 o nome da tradicional Aston Martin. O time tamb\u00e9m tem um or\u00e7amento razo\u00e1vel e um carro que, se n\u00e3o \u00e9 o melhor do grid, \u00e9 uma c\u00f3pia dele. <\/p>\n\n\n\n<p class=\"wp-block-paragraph\">Mas, como vimos, n\u00e3o \u00e9 s\u00f3 isso que faz uma equipe que luta l\u00e1 na frente. Precisa de mais &#8211; o que passa necessariamente pela pe\u00e7a que fica atr\u00e1s do volante. <\/p>\n\n\n\n<figure class=\"wp-block-embed-youtube wp-block-embed is-type-video is-provider-youtube wp-embed-aspect-16-9 wp-has-aspect-ratio\"><div class=\"wp-block-embed__wrapper\">\n<iframe loading=\"lazy\" title=\"F1 2020: VERSTAPPEN vence HAMILTON: an\u00e1lise do GP dos 70 ANOS | Briefing\" width=\"500\" height=\"281\" src=\"https:\/\/www.youtube.com\/embed\/Ir9Mv-VBt-o?feature=oembed\" frameborder=\"0\" allow=\"accelerometer; autoplay; clipboard-write; encrypted-media; gyroscope; picture-in-picture; web-share\" referrerpolicy=\"strict-origin-when-cross-origin\" allowfullscreen><\/iframe>\n<\/div><\/figure>\n","protected":false},"excerpt":{"rendered":"<p>Por um lado, o time tem um grande carro, que desperta a ira dos advers\u00e1rios por exagerar na c\u00f3pia da Mercedes;  do outro, seus pilotos n\u00e3o entregam tudo o que poderiam na pista<\/p>\n","protected":false},"author":0,"featured_media":1000571912,"template":"","meta":{"42wp_featured_image_caption":"","42wp_featured_image_credits":"","42wp_featured_video":"","42wp_featured_image_hidden":false,"42wp_authors_list":[],"footnotes":""},"categories":[2],"tags":[25720],"42wp_author":[47127],"class_list":["post-830","42wp_premium","type-42wp_premium","status-publish","has-post-thumbnail","hentry","category-f1","tag-gp-dos-70-anos","42wp_author-renan-martins-frade"],"_links":{"self":[{"href":"https:\/\/grandepremio.com\/br\/wp-json\/wp\/v2\/42wp_premium\/830","targetHints":{"allow":["GET"]}}],"collection":[{"href":"https:\/\/grandepremio.com\/br\/wp-json\/wp\/v2\/42wp_premium"}],"about":[{"href":"https:\/\/grandepremio.com\/br\/wp-json\/wp\/v2\/types\/42wp_premium"}],"version-history":[{"count":0,"href":"https:\/\/grandepremio.com\/br\/wp-json\/wp\/v2\/42wp_premium\/830\/revisions"}],"wp:featuredmedia":[{"embeddable":true,"href":"https:\/\/grandepremio.com\/br\/wp-json\/wp\/v2\/media\/1000571912"}],"wp:attachment":[{"href":"https:\/\/grandepremio.com\/br\/wp-json\/wp\/v2\/media?parent=830"}],"wp:term":[{"taxonomy":"category","embeddable":true,"href":"https:\/\/grandepremio.com\/br\/wp-json\/wp\/v2\/categories?post=830"},{"taxonomy":"post_tag","embeddable":true,"href":"https:\/\/grandepremio.com\/br\/wp-json\/wp\/v2\/tags?post=830"},{"taxonomy":"42wp_author","embeddable":true,"href":"https:\/\/grandepremio.com\/br\/wp-json\/wp\/v2\/42wp_author?post=830"}],"curies":[{"name":"wp","href":"https:\/\/api.w.org\/{rel}","templated":true}]}}

<p class="wp-block-paragraph">Não é segredo para ninguém: a Racing Point tem um dos grandes carros da temporada 2020 da Fórmula 1. Com uma ampla, digamos assim, inspiração na Mercedes &#8211; além das unidades de potência da marca da estrela das três pontas -, o time inglês teria tudo para ser uma das grandes forças do campeonato. Teria. Passadas cinco etapas do campeonato, fica a impressão de que o time está entregando menos do que o seu potencial.</p>



<p class="wp-block-paragraph">O GP dos 70 Anos, que aconteceu ontem (9) em Silverstone, Inglaterra, é bem sintomático desse quadro, diga-se.</p>



<p class="wp-block-paragraph">Para começar, um dos pilotos titulares nem foi para a pista, pela segunda vez seguida. Sergio Pérez, em um momento de pandemia mundial e no qual todos os cuidados são necessários, desafiou o tal do protocolo e acabou testando positivo para a covid-19 antes do GP da Inglaterra, a quarta etapa do mundial. </p>



<p class="wp-block-paragraph">Em um campeonato onde o mexicano teria a oportunidade de lutar pelo posto de melhor pela &#8220;Fórmula 1B&#8221;, Checo deu uma grande mancada &#8211; e coloca em cheque o futuro dele na categoria, mesmo tendo contrato para 2021. </p>



<p class="wp-block-paragraph">Ao substituto de Pérez, Nico Hülkenberg, pesa o fato dele não ter disputado as primeiras etapas da temporada, e por não conhecer (tão) bem o carro &#8211; ele pilotou pela última vez para a então Force India em 2016. Para piorar, veio o problema antes da largada na semana passada, no GP da Inglaterra, o que tirou o piloto da corrida.</p>



<figure class="wp-block-image size-large"><img decoding="async" src="https://grandepremium.com.br/wp-content/uploads/2020/08/RGP5-1024x683.jpg" alt="" class="wp-image-3885" /><figcaption>Nico Hülkenberg tem o desconto de ter voltado à F1 há cerca de dez dias (Foto: Racing Point)</figcaption></figure>



<p class="wp-block-paragraph">Hulk fez bonito na classificação do GP dos 70 Anos, é verdade. Terceiro tempo, atrás apenas do &#8220;modo festa&#8221; das Flechas Negras da Mercedes. Porém, após a largada, o alemão foi, aos poucos, perdendo espaço na prova. Por fim, bolhas nos pneus o fizeram realizar uma terceira parada nos boxes &#8211; e a fechar o GP em sétimo.</p>



<p class="wp-block-paragraph">Muito pouco para quem tinha esperanças de pódio.</p>



<p class="wp-block-paragraph">No caso de Lance Stroll, o canadense cresceu muito entre 2019 e 2020. O piloto vem errando menos e tendo corridas mais consistentes, é verdade, mas também está muito longe de tirar todo o desempenho do RP20. É muito pouco para um carro que é quase que uma Mercedes rosa.</p>



<p class="wp-block-paragraph">Se eu não soubesse, diria que ele está lá apenas porque é filho do dono. </p>



<p class="wp-block-paragraph">Com tudo isso, a Racing Point é apenas a quinta no Mundial de Construtores, com 41 pontos. Ok, o time perdeu 15 pontos pela punição da FIA &#8211; pela cópia dos dutos de freio da Mercedes W10. Porém, sem isso, a equipe teria 56 pontos, um a mais que a terceira colocada, a Ferrari &#8211; que vive uma temporada para esquecer. </p>



<p class="wp-block-paragraph">O cenário é ainda pior no Mundial de Pilotos. Tantas idas e vindas entre Pérez e Hülkenberg colocou os pilotos, respectivamente, em oitavo e 14º no campeonato. Stroll é sétimo. </p>



<p class="wp-block-paragraph">A dúvida é: será que um piloto mais rápido, com tempo atrás do volante e empenho, poderia conquistar resultados melhores? É possível que sim.</p>



<figure class="wp-block-image size-large"><img decoding="async" src="https://grandepremium.com.br/wp-content/uploads/2020/08/Vettel-GP-dos-70-Anos-credito-Ferrari-Twitter-1024x683.jpg" alt="" class="wp-image-3924" /><figcaption>Vettel, cotado para um lugar na Racing Point em 2021, vem tendo um 2020 para esquecer (Foto: Twitter / Ferrari)</figcaption></figure>



<p class="wp-block-paragraph">Nem mesmo um dos cotados a substituir Pérez em 2021 parece ter melhor sorte. Sebastian Vettel vem de desempenhos abaixo da média, discutindo com a equipe pelo rádio e mostrando que a motivação ficou em 2019. No GP dos 70 Anos, o alemão foi apenas o 12º na classificação, largando em 11º. Fechou o GP em 12º. </p>



<p class="wp-block-paragraph">No Mundial de Pilotos, Vettel é apenas 13º &#8211; com dez pontos. Enquanto isso, o companheiro dele, Charles Leclerc, foi o quarto na última corrida em Silverstone. No campeonato, também é quarto &#8211; salvando a Ferrari de uma decepção ainda maior.</p>



<p class="wp-block-paragraph">Para 2021, a Racing Point provavelmente terá o nome da tradicional Aston Martin. O time também tem um orçamento razoável e um carro que, se não é o melhor do grid, é uma cópia dele. </p>



<p class="wp-block-paragraph">Mas, como vimos, não é só isso que faz uma equipe que luta lá na frente. Precisa de mais &#8211; o que passa necessariamente pela peça que fica atrás do volante. </p>



<figure class="wp-block-embed-youtube wp-block-embed is-type-video is-provider-youtube wp-embed-aspect-16-9 wp-has-aspect-ratio"><div class="wp-block-embed__wrapper">
<iframe loading="lazy" title="F1 2020: VERSTAPPEN vence HAMILTON: análise do GP dos 70 ANOS | Briefing" width="500" height="281" src="https://www.youtube.com/embed/Ir9Mv-VBt-o?feature=oembed" frameborder="0" allow="accelerometer; autoplay; clipboard-write; encrypted-media; gyroscope; picture-in-picture; web-share" referrerpolicy="strict-origin-when-cross-origin" allowfullscreen></iframe>
</div></figure>

<p>Por um lado, o time tem um grande carro, que desperta a ira dos adversários por exagerar na cópia da Mercedes;  do outro, seus pilotos não entregam tudo o que poderiam na pista</p>
