{"id":831,"date":"2020-08-09T12:34:43","date_gmt":"2020-08-09T15:34:43","guid":{"rendered":"https:\/\/grandepremio.com\/br\/grandepremium\/materias\/aos-70-anos-a-formula-1-segue-jovem\/"},"modified":"2020-08-09T12:34:43","modified_gmt":"2020-08-09T15:34:43","slug":"aos-70-anos-a-formula-1-segue-jovem","status":"publish","type":"42wp_premium","link":"https:\/\/grandepremio.com\/br\/grandepremium\/f1\/materias\/aos-70-anos-a-formula-1-segue-jovem\/","title":{"rendered":"Aos 70 anos, a F\u00f3rmula 1 segue jovem"},"content":{"rendered":"\n<p class=\"wp-block-paragraph\">No GP que comemorou os 70 anos da F\u00f3rmula 1, realizado neste domingo (9), quem ganhou foi a nova gera\u00e7\u00e3o &#8211; aos 22 anos, 10 meses e 8 dias. Max Verstappen e a Red Bull usaram a cabe\u00e7a para, no jogo de xadrez, superar a toda-poderosa Mercedes (de Lewis Hamilton e Valtteri Bottas) para vencer uma corrida que nasceu para ser hist\u00f3rica. <\/p>\n\n\n\n<p class=\"wp-block-paragraph\">Foi um ar de juventude em uma categoria septuagen\u00e1ria.<\/p>\n\n\n\n<p class=\"wp-block-paragraph\">Pode soar estranho chamar Verstappen de &#8220;juventude&#8221;. Parece que ele est\u00e1 a\u00ed h\u00e1 muito tempo. E est\u00e1, mesmo. O piloto holand\u00eas estreou na categoria em 2015, h\u00e1 mais de cinco anos. Venceu pela primeira vez em 2016, h\u00e1 quatro. Hoje, completou 107 largadas na F1 e (quando o p\u00fablico era permitido) levava multid\u00f5es laranjas aos aut\u00f3dromos. Tudo porque come\u00e7ou na F1 ainda mais jovem.<\/p>\n\n\n\n<p class=\"wp-block-paragraph\">O fato \u00e9 que Max nasceu em 1997, quando a F\u00f3rmula 1 rumava aos 50 anos de exist\u00eancia. <\/p>\n\n\n\n<p class=\"wp-block-paragraph\">Neste domingo, a vit\u00f3ria do holand\u00eas veio da estrat\u00e9gia. Come\u00e7ou pela Red Bull entendendo as informa\u00e7\u00f5es que tirou de Silverstone no \u00faltimo fim de semana, no GP da Inglaterra &#8211; e sacou bem como o uso de compostos mais moles impactaria no consumo dos pneus. <\/p>\n\n\n\n<p class=\"wp-block-paragraph\">Se a Mercedes ficou conhecida nos \u00faltimos anos por saber ler bem a pista, foi a equipe austr\u00edaca que usou bem o cen\u00e1rio de corridas seguidas no mesmo circuito em 2020.<\/p>\n\n\n\n<figure class=\"wp-block-image size-large\"><img decoding=\"async\" src=\"https:\/\/grandepremium.com.br\/wp-content\/uploads\/2020\/08\/Verstappen-pit-GP-70-Anos-1024x579.jpg\" alt=\"\" class=\"wp-image-3914\" \/><figcaption>A estrat\u00e9gia de pneus e de paradas nos boxes teve papel importante na vit\u00f3ria de Verstappen (Foto: Twitter \/ Red Bull Racing)<\/figcaption><\/figure>\n\n\n\n<p class=\"wp-block-paragraph\">Ok, isso quer dizer que a F\u00f3rmula 1 \u00e9 sempre jovem? N\u00e3o, nem sempre. Ela tem as suas idiossincrasias, seus problemas, falta de conex\u00e3o com os f\u00e3s em muitos momentos&#8230; Por\u00e9m, o ciclo da vida \u00e9 algo que se imp\u00f5e. O novo sempre chega para desafiar e, eventualmente, superar o antigo. <\/p>\n\n\n\n<p class=\"wp-block-paragraph\">Da mesma forma que Lewis Hamilton vai igualando e superando os n\u00fameros de Michael Schumacher.<\/p>\n\n\n\n<p class=\"wp-block-paragraph\">Agora, Verstappen \u00e9 o vice-l\u00edder do mundial de pilotos, com 77 pontos &#8211; 30 atr\u00e1s de Hamilton, quatro \u00e0 frente de Valtteri Bottas. Ele tem chances de ser campe\u00e3o? Poucas. Parece que a vit\u00f3ria deste domingo foi algo mais isolado do que uma tend\u00eancia que se seguir\u00e1 nos pr\u00f3ximos GPs. Ainda assim, uma disputa mais acirrada engrandeceria a comemora\u00e7\u00e3o dos 70 anos da F\u00f3rmula 1 &#8211; e o hepta de Hamilton.<\/p>\n\n\n\n<p class=\"wp-block-paragraph\">Agora, algo \u00e9 certo: novas gera\u00e7\u00f5es vir\u00e3o. \u00c9 o ciclo da vida. Que venham, ent\u00e3o, os pr\u00f3ximos 70 anos. <\/p>\n\n\n\n<figure class=\"wp-block-embed-youtube wp-block-embed is-type-video is-provider-youtube wp-embed-aspect-16-9 wp-has-aspect-ratio\"><div class=\"wp-block-embed__wrapper\">\n<iframe loading=\"lazy\" title=\"F1 2020: VERSTAPPEN vence HAMILTON: an\u00e1lise do GP dos 70 ANOS | Briefing\" width=\"500\" height=\"281\" src=\"https:\/\/www.youtube.com\/embed\/Ir9Mv-VBt-o?feature=oembed\" frameborder=\"0\" allow=\"accelerometer; autoplay; clipboard-write; encrypted-media; gyroscope; picture-in-picture; web-share\" referrerpolicy=\"strict-origin-when-cross-origin\" allowfullscreen><\/iframe>\n<\/div><\/figure>\n","protected":false},"excerpt":{"rendered":"<p>A vit\u00f3ria de Max Verstappen no GP dos 70 anos da F1 mostra que a maior categoria do automobilismo mundial continua se rejuvenescendo<\/p>\n","protected":false},"author":0,"featured_media":1000571913,"template":"","meta":{"42wp_featured_image_caption":"","42wp_featured_image_credits":"","42wp_featured_video":"","42wp_featured_image_hidden":false,"42wp_authors_list":[],"footnotes":""},"categories":[2],"tags":[25720],"42wp_author":[47127],"class_list":["post-831","42wp_premium","type-42wp_premium","status-publish","has-post-thumbnail","hentry","category-f1","tag-gp-dos-70-anos","42wp_author-renan-martins-frade"],"_links":{"self":[{"href":"https:\/\/grandepremio.com\/br\/wp-json\/wp\/v2\/42wp_premium\/831","targetHints":{"allow":["GET"]}}],"collection":[{"href":"https:\/\/grandepremio.com\/br\/wp-json\/wp\/v2\/42wp_premium"}],"about":[{"href":"https:\/\/grandepremio.com\/br\/wp-json\/wp\/v2\/types\/42wp_premium"}],"version-history":[{"count":0,"href":"https:\/\/grandepremio.com\/br\/wp-json\/wp\/v2\/42wp_premium\/831\/revisions"}],"wp:featuredmedia":[{"embeddable":true,"href":"https:\/\/grandepremio.com\/br\/wp-json\/wp\/v2\/media\/1000571913"}],"wp:attachment":[{"href":"https:\/\/grandepremio.com\/br\/wp-json\/wp\/v2\/media?parent=831"}],"wp:term":[{"taxonomy":"category","embeddable":true,"href":"https:\/\/grandepremio.com\/br\/wp-json\/wp\/v2\/categories?post=831"},{"taxonomy":"post_tag","embeddable":true,"href":"https:\/\/grandepremio.com\/br\/wp-json\/wp\/v2\/tags?post=831"},{"taxonomy":"42wp_author","embeddable":true,"href":"https:\/\/grandepremio.com\/br\/wp-json\/wp\/v2\/42wp_author?post=831"}],"curies":[{"name":"wp","href":"https:\/\/api.w.org\/{rel}","templated":true}]}}

Aos 70 anos, a Fórmula 1 segue jovem

<p class="wp-block-paragraph">No GP que comemorou os 70 anos da Fórmula 1, realizado neste domingo (9), quem ganhou foi a nova geração &#8211; aos 22 anos, 10 meses e 8 dias. Max Verstappen e a Red Bull usaram a cabeça para, no jogo de xadrez, superar a toda-poderosa Mercedes (de Lewis Hamilton e Valtteri Bottas) para vencer uma corrida que nasceu para ser histórica. </p>



<p class="wp-block-paragraph">Foi um ar de juventude em uma categoria septuagenária.</p>



<p class="wp-block-paragraph">Pode soar estranho chamar Verstappen de &#8220;juventude&#8221;. Parece que ele está aí há muito tempo. E está, mesmo. O piloto holandês estreou na categoria em 2015, há mais de cinco anos. Venceu pela primeira vez em 2016, há quatro. Hoje, completou 107 largadas na F1 e (quando o público era permitido) levava multidões laranjas aos autódromos. Tudo porque começou na F1 ainda mais jovem.</p>



<p class="wp-block-paragraph">O fato é que Max nasceu em 1997, quando a Fórmula 1 rumava aos 50 anos de existência. </p>



<p class="wp-block-paragraph">Neste domingo, a vitória do holandês veio da estratégia. Começou pela Red Bull entendendo as informações que tirou de Silverstone no último fim de semana, no GP da Inglaterra &#8211; e sacou bem como o uso de compostos mais moles impactaria no consumo dos pneus. </p>



<p class="wp-block-paragraph">Se a Mercedes ficou conhecida nos últimos anos por saber ler bem a pista, foi a equipe austríaca que usou bem o cenário de corridas seguidas no mesmo circuito em 2020.</p>



<figure class="wp-block-image size-large"><img decoding="async" src="https://grandepremium.com.br/wp-content/uploads/2020/08/Verstappen-pit-GP-70-Anos-1024x579.jpg" alt="" class="wp-image-3914" /><figcaption>A estratégia de pneus e de paradas nos boxes teve papel importante na vitória de Verstappen (Foto: Twitter / Red Bull Racing)</figcaption></figure>



<p class="wp-block-paragraph">Ok, isso quer dizer que a Fórmula 1 é sempre jovem? Não, nem sempre. Ela tem as suas idiossincrasias, seus problemas, falta de conexão com os fãs em muitos momentos&#8230; Porém, o ciclo da vida é algo que se impõe. O novo sempre chega para desafiar e, eventualmente, superar o antigo. </p>



<p class="wp-block-paragraph">Da mesma forma que Lewis Hamilton vai igualando e superando os números de Michael Schumacher.</p>



<p class="wp-block-paragraph">Agora, Verstappen é o vice-líder do mundial de pilotos, com 77 pontos &#8211; 30 atrás de Hamilton, quatro à frente de Valtteri Bottas. Ele tem chances de ser campeão? Poucas. Parece que a vitória deste domingo foi algo mais isolado do que uma tendência que se seguirá nos próximos GPs. Ainda assim, uma disputa mais acirrada engrandeceria a comemoração dos 70 anos da Fórmula 1 &#8211; e o hepta de Hamilton.</p>



<p class="wp-block-paragraph">Agora, algo é certo: novas gerações virão. É o ciclo da vida. Que venham, então, os próximos 70 anos. </p>



<figure class="wp-block-embed-youtube wp-block-embed is-type-video is-provider-youtube wp-embed-aspect-16-9 wp-has-aspect-ratio"><div class="wp-block-embed__wrapper">
<iframe loading="lazy" title="F1 2020: VERSTAPPEN vence HAMILTON: análise do GP dos 70 ANOS | Briefing" width="500" height="281" src="https://www.youtube.com/embed/Ir9Mv-VBt-o?feature=oembed" frameborder="0" allow="accelerometer; autoplay; clipboard-write; encrypted-media; gyroscope; picture-in-picture; web-share" referrerpolicy="strict-origin-when-cross-origin" allowfullscreen></iframe>
</div></figure>

<p>A vitória de Max Verstappen no GP dos 70 anos da F1 mostra que a maior categoria do automobilismo mundial continua se rejuvenescendo</p>
