{"id":3130,"date":"2025-07-20T13:37:53","date_gmt":"2025-07-20T16:37:53","guid":{"rendered":"https:\/\/grandepremio.com\/br\/videos\/scott-mclaughlin-sofre-roda-solta-bate-toronto-da-sequencia-ma-fase-penske\/"},"modified":"2025-07-20T14:02:45","modified_gmt":"2025-07-20T17:02:45","slug":"scott-mclaughlin-sofre-roda-solta-bate-toronto-da-sequencia-ma-fase-penske","status":"publish","type":"42wp_video","link":"https:\/\/grandepremio.com\/br\/videos\/indy\/scott-mclaughlin-sofre-roda-solta-bate-toronto-da-sequencia-ma-fase-penske\/","title":{"rendered":"McLaughlin sofre com roda solta, bate em Toronto e d\u00e1 sequ\u00eancia em m\u00e1 fase da Penske"},"content":{"rendered":"","protected":false},"excerpt":{"rendered":"","protected":false},"author":0,"featured_media":1000993882,"template":"","meta":{"42wp_featured_image_caption":"","42wp_featured_image_credits":"","42wp_featured_video":"","42wp_featured_image_hidden":false,"42wp_authors_list":[],"42wp_video_src":"","42wp_video_src_id":0,"42wp_video_duration":"","42wp_video_event_name":"","42wp_video_event_date":"","42wp_video_family_friendly":""},"categories":[3],"tags":[2980,5012,9828,417,20272,2908,28552,25053,6133,1824,831,21215,14640,3837,796,6513,44154,147,3630,3144,176,26800,39174,180,619,1595,1826,43645,4351,3622,5100,25472,4451,1491,28285,267,35361,2561,2555,93,39054,232,43021,94,4333,35177,4717,1555,4157,31343,3201,35179,1569,34788,90,1782,4166,2140,4377,25714,29784,3135,40229,27380,265,349,4156,3838,1869,44090,1245,733,732,266,9944,321,4428,26544,1819,3133],"42wp_author":[47155],"class_list":["post-3130","42wp_video","type-42wp_video","status-publish","has-post-thumbnail","hentry","category-indy","tag-500-milhas-indianapolis","tag-al-unser-jr","tag-alex-palou","tag-andretti","tag-brad-hollinger","tag-bump-day","tag-calendario-indy","tag-canada","tag-classificacao-indy","tag-conor-daly","tag-dale-coyne","tag-disney","tag-doug-boles","tag-elkhart-lake","tag-emerson-fittipaldi","tag-espn","tag-exbihition-place","tag-f1","tag-f1-2025","tag-felix-rosenqvist","tag-fernando-alonso","tag-fora-2","tag-fora-da-corrida","tag-formula-1","tag-formula-indy","tag-ganassi","tag-gateway","tag-gp-da-gateway","tag-gp-de-iowa","tag-gp-de-mid-ohio","tag-gp-de-monaco","tag-gp-de-road-america","tag-gp-de-toronto","tag-grande-premio","tag-grandepremio","tag-helio-castroneves","tag-horarios-indy","tag-indianapolis","tag-indianapolis-motor-speedway","tag-indy","tag-indy-2025","tag-indy-500","tag-indy-ao-vivo-gratis","tag-indycar","tag-iowa","tag-jack-jeffers","tag-jacob-abel","tag-josef-newgarden","tag-juncos","tag-juncos-hollinger","tag-kyle-larson","tag-lucas-fecury","tag-marcus-ericsson","tag-max-garcia","tag-mclaren","tag-meyer-shank","tag-mid-ohio","tag-monaco","tag-newton","tag-nolan-siegel","tag-onde-assistir-indy","tag-oval","tag-oval-de-iowa","tag-pato-oward-3","tag-penske","tag-prema","tag-ricardo-juncos","tag-road-america","tag-robert-shwartzman","tag-rodada-dupla-de-iowa","tag-roger-penske","tag-ryan-briscoe","tag-scott-dixon","tag-scott-mclaughlin","tag-tim-cindric","tag-tony-kanaan","tag-toronto","tag-tv-cultura","tag-usf2000","tag-will-power","42wp_author-daniel-balsa"],"_links":{"self":[{"href":"https:\/\/grandepremio.com\/br\/wp-json\/wp\/v2\/42wp_video\/3130","targetHints":{"allow":["GET"]}}],"collection":[{"href":"https:\/\/grandepremio.com\/br\/wp-json\/wp\/v2\/42wp_video"}],"about":[{"href":"https:\/\/grandepremio.com\/br\/wp-json\/wp\/v2\/types\/42wp_video"}],"wp:featuredmedia":[{"embeddable":true,"href":"https:\/\/grandepremio.com\/br\/wp-json\/wp\/v2\/media\/1000993882"}],"wp:attachment":[{"href":"https:\/\/grandepremio.com\/br\/wp-json\/wp\/v2\/media?parent=3130"}],"wp:term":[{"taxonomy":"category","embeddable":true,"href":"https:\/\/grandepremio.com\/br\/wp-json\/wp\/v2\/categories?post=3130"},{"taxonomy":"post_tag","embeddable":true,"href":"https:\/\/grandepremio.com\/br\/wp-json\/wp\/v2\/tags?post=3130"},{"taxonomy":"42wp_author","embeddable":true,"href":"https:\/\/grandepremio.com\/br\/wp-json\/wp\/v2\/42wp_author?post=3130"}],"curies":[{"name":"wp","href":"https:\/\/api.w.org\/{rel}","templated":true}]}}

McLaughlin sofre com roda solta, bate em Toronto e dá sequência em má fase da Penske
